{"id":4772,"date":"2023-07-17T10:15:25","date_gmt":"2023-07-17T10:15:25","guid":{"rendered":"http:\/\/xmm-ssc.irap.omp.eu\/xmm2athena\/?page_id=4772"},"modified":"2023-07-17T10:15:26","modified_gmt":"2023-07-17T10:15:26","slug":"la-8e-conference-internationale-de-luipap-sur-les-femmes-en-physique-icwip2023","status":"publish","type":"page","link":"http:\/\/xmm-ssc.irap.omp.eu\/xmm2athena\/fr\/la-8e-conference-internationale-de-luipap-sur-les-femmes-en-physique-icwip2023\/","title":{"rendered":"La 8e conf\u00e9rence internationale de l&rsquo;UIPAP sur les femmes en physique (ICWIP2023)"},"content":{"rendered":"\n<p class=\"has-black-color has-text-color\">Pour la deuxi\u00e8me fois, Iris Traulsen de l&rsquo;AIP, co-responsable du WP4, a \u00e9t\u00e9 nomm\u00e9e pour participer \u00e0 la Conf\u00e9rence internationale de &lsquo;IUPAP International Conference on Women in Physics&rsquo; (ICWIP) en tant que membre de la d\u00e9l\u00e9gation allemande. La 8e \u00e9dition se d\u00e9roulera du 9 au 14 juillet 2023. Cette conf\u00e9rence triennale rassemble des physiciennes s\u00e9lectionn\u00e9es du monde entier pour aborder des sujets scientifiques et des bonnes pratiques en mati\u00e8re d&rsquo;\u00e9quit\u00e9, de diversit\u00e9 et d&rsquo;inclusion. Le programme comprend des expos\u00e9s scientifiques pr\u00e9sent\u00e9s par des femmes exceptionnelles, des tables rondes et des sessions sp\u00e9ciales sur la situation des minorit\u00e9s et des femmes physiciennes dans les pays participants. Dans le cadre d&rsquo;ateliers sp\u00e9cialis\u00e9s et d&rsquo;une s\u00e9ance pl\u00e9ni\u00e8re, les d\u00e9l\u00e9gu\u00e9s \u00e9laborent et adoptent des r\u00e9solutions visant \u00e0 faire progresser l&rsquo;\u00e9quit\u00e9 dans le monde, qui sont transmises \u00e0 l&rsquo;Assembl\u00e9e g\u00e9n\u00e9rale de l&rsquo;UIPPA. La 8e \u00e9dition virtuelle de l&rsquo;ICWIP se tiendra en Inde et accueillera pr\u00e8s de 500 d\u00e9l\u00e9gu\u00e9s de diff\u00e9rents niveaux de carri\u00e8re provenant de pays d&rsquo;Asie, d&rsquo;Am\u00e9rique du Nord, d&rsquo;Am\u00e9rique latine, d&rsquo;Afrique et d&rsquo;Europe.<\/p>\n\n\n\n<div class=\"wp-block-columns\">\n<div class=\"wp-block-column\"><\/div>\n\n\n\n<div class=\"wp-block-column\">\n<figure class=\"wp-block-image size-large\"><img loading=\"lazy\" width=\"1024\" height=\"580\" src=\"http:\/\/xmm-ssc.irap.omp.eu\/xmm2athena\/wp-content\/uploads\/2023\/07\/icwip2023it-1024x580.jpg\" alt=\"\" class=\"wp-image-4761\" srcset=\"http:\/\/xmm-ssc.irap.omp.eu\/xmm2athena\/wp-content\/uploads\/2023\/07\/icwip2023it-1024x580.jpg 1024w, http:\/\/xmm-ssc.irap.omp.eu\/xmm2athena\/wp-content\/uploads\/2023\/07\/icwip2023it-300x170.jpg 300w, http:\/\/xmm-ssc.irap.omp.eu\/xmm2athena\/wp-content\/uploads\/2023\/07\/icwip2023it-768x435.jpg 768w, http:\/\/xmm-ssc.irap.omp.eu\/xmm2athena\/wp-content\/uploads\/2023\/07\/icwip2023it.jpg 1095w\" sizes=\"(max-width: 1024px) 100vw, 1024px\" \/><\/figure>\n<\/div>\n\n\n\n<div class=\"wp-block-column\"><\/div>\n<\/div>\n","protected":false},"excerpt":{"rendered":"<p>Pour la deuxi\u00e8me fois, Iris Traulsen de l&rsquo;AIP, co-responsable du WP4, a \u00e9t\u00e9 nomm\u00e9e pour participer \u00e0 la Conf\u00e9rence internationale de &lsquo;IUPAP International Conference on Women in Physics&rsquo; (ICWIP) en tant que membre de la d\u00e9l\u00e9gation allemande. La 8e \u00e9dition se d\u00e9roulera du 9 au 14 juillet 2023. Cette conf\u00e9rence triennale rassemble des physiciennes s\u00e9lectionn\u00e9es&hellip; <br \/> <a class=\"read-more\" href=\"http:\/\/xmm-ssc.irap.omp.eu\/xmm2athena\/fr\/la-8e-conference-internationale-de-luipap-sur-les-femmes-en-physique-icwip2023\/\">Lire la suite<\/a><\/p>\n","protected":false},"author":2,"featured_media":0,"parent":0,"menu_order":0,"comment_status":"closed","ping_status":"closed","template":"","meta":{"_eb_attr":"","_mi_skip_tracking":false,"_monsterinsights_sitenote_active":false,"_monsterinsights_sitenote_note":"","_monsterinsights_sitenote_category":0},"_links":{"self":[{"href":"http:\/\/xmm-ssc.irap.omp.eu\/xmm2athena\/wp-json\/wp\/v2\/pages\/4772"}],"collection":[{"href":"http:\/\/xmm-ssc.irap.omp.eu\/xmm2athena\/wp-json\/wp\/v2\/pages"}],"about":[{"href":"http:\/\/xmm-ssc.irap.omp.eu\/xmm2athena\/wp-json\/wp\/v2\/types\/page"}],"author":[{"embeddable":true,"href":"http:\/\/xmm-ssc.irap.omp.eu\/xmm2athena\/wp-json\/wp\/v2\/users\/2"}],"replies":[{"embeddable":true,"href":"http:\/\/xmm-ssc.irap.omp.eu\/xmm2athena\/wp-json\/wp\/v2\/comments?post=4772"}],"version-history":[{"count":1,"href":"http:\/\/xmm-ssc.irap.omp.eu\/xmm2athena\/wp-json\/wp\/v2\/pages\/4772\/revisions"}],"predecessor-version":[{"id":4774,"href":"http:\/\/xmm-ssc.irap.omp.eu\/xmm2athena\/wp-json\/wp\/v2\/pages\/4772\/revisions\/4774"}],"wp:attachment":[{"href":"http:\/\/xmm-ssc.irap.omp.eu\/xmm2athena\/wp-json\/wp\/v2\/media?parent=4772"}],"curies":[{"name":"wp","href":"https:\/\/api.w.org\/{rel}","templated":true}]}}