{"id":4767,"date":"2023-07-12T10:53:45","date_gmt":"2023-07-12T10:53:45","guid":{"rendered":"http:\/\/xmm-ssc.irap.omp.eu\/xmm2athena\/?page_id=4767"},"modified":"2023-07-12T10:53:47","modified_gmt":"2023-07-12T10:53:47","slug":"8a-conferencia-internacional-de-la-iupap-sobre-la-mujer-en-la-fisica-icwip2023","status":"publish","type":"page","link":"http:\/\/xmm-ssc.irap.omp.eu\/xmm2athena\/es\/8a-conferencia-internacional-de-la-iupap-sobre-la-mujer-en-la-fisica-icwip2023\/","title":{"rendered":"8\u00aa Conferencia Internacional de la IUPAP sobre la Mujer en la F\u00edsica (ICWIP2023)"},"content":{"rendered":"\n<p class=\"has-black-color has-text-color\">Por segunda vez, Iris Traulsen, codirectora del WP4 del AIP, ha sido nominada para participar en la Conferencia Internacional de la IUPAP sobre la Mujer en la F\u00edsica (ICWIP) como miembro de la delegaci\u00f3n alemana. La 8\u00aa edici\u00f3n se celebrar\u00e1 del 9 al 14 de julio de 2023. Esta conferencia trienal re\u00fane a f\u00edsicos seleccionados de todo el mundo para abordar temas cient\u00edficos y buenas pr\u00e1cticas en materia de equidad, diversidad e inclusi\u00f3n. El programa incluye charlas cient\u00edficas de mujeres destacadas, mesas redondas y sesiones especiales sobre la situaci\u00f3n de las minor\u00edas y las mujeres f\u00edsicas en los pa\u00edses participantes. En talleres espec\u00edficos y en una sesi\u00f3n plenaria, los delegados elaboran y acuerdan resoluciones para hacer avanzar la equidad en todo el mundo, que se remiten a la Asamblea General de la IUPAP. El 8\u00ba ICWIP virtual se celebra en la India y cuenta con la asistencia de casi 500 delegados de diversos niveles profesionales procedentes de pa\u00edses de Asia, Am\u00e9rica del Norte, Am\u00e9rica Latina, \u00c1frica y Europa.<\/p>\n\n\n\n<div class=\"wp-block-columns\">\n<div class=\"wp-block-column\"><\/div>\n\n\n\n<div class=\"wp-block-column\">\n<figure class=\"wp-block-image size-large\"><img loading=\"lazy\" width=\"1024\" height=\"580\" src=\"http:\/\/xmm-ssc.irap.omp.eu\/xmm2athena\/wp-content\/uploads\/2023\/07\/icwip2023it-1-1024x580.jpg\" alt=\"\" class=\"wp-image-4768\" srcset=\"http:\/\/xmm-ssc.irap.omp.eu\/xmm2athena\/wp-content\/uploads\/2023\/07\/icwip2023it-1-1024x580.jpg 1024w, http:\/\/xmm-ssc.irap.omp.eu\/xmm2athena\/wp-content\/uploads\/2023\/07\/icwip2023it-1-300x170.jpg 300w, http:\/\/xmm-ssc.irap.omp.eu\/xmm2athena\/wp-content\/uploads\/2023\/07\/icwip2023it-1-768x435.jpg 768w, http:\/\/xmm-ssc.irap.omp.eu\/xmm2athena\/wp-content\/uploads\/2023\/07\/icwip2023it-1.jpg 1095w\" sizes=\"(max-width: 1024px) 100vw, 1024px\" \/><\/figure>\n<\/div>\n\n\n\n<div class=\"wp-block-column\"><\/div>\n<\/div>\n\n\n\n<p><\/p>\n","protected":false},"excerpt":{"rendered":"<p>Por segunda vez, Iris Traulsen, codirectora del WP4 del AIP, ha sido nominada para participar en la Conferencia Internacional de la IUPAP sobre la Mujer en la F\u00edsica (ICWIP) como miembro de la delegaci\u00f3n alemana. La 8\u00aa edici\u00f3n se celebrar\u00e1 del 9 al 14 de julio de 2023. Esta conferencia trienal re\u00fane a f\u00edsicos seleccionados&hellip; <br \/> <a class=\"read-more\" href=\"http:\/\/xmm-ssc.irap.omp.eu\/xmm2athena\/es\/8a-conferencia-internacional-de-la-iupap-sobre-la-mujer-en-la-fisica-icwip2023\/\">Lire la suite<\/a><\/p>\n","protected":false},"author":5,"featured_media":0,"parent":0,"menu_order":0,"comment_status":"closed","ping_status":"closed","template":"","meta":{"_eb_attr":"","_mi_skip_tracking":false,"_monsterinsights_sitenote_active":false,"_monsterinsights_sitenote_note":"","_monsterinsights_sitenote_category":0},"_links":{"self":[{"href":"http:\/\/xmm-ssc.irap.omp.eu\/xmm2athena\/wp-json\/wp\/v2\/pages\/4767"}],"collection":[{"href":"http:\/\/xmm-ssc.irap.omp.eu\/xmm2athena\/wp-json\/wp\/v2\/pages"}],"about":[{"href":"http:\/\/xmm-ssc.irap.omp.eu\/xmm2athena\/wp-json\/wp\/v2\/types\/page"}],"author":[{"embeddable":true,"href":"http:\/\/xmm-ssc.irap.omp.eu\/xmm2athena\/wp-json\/wp\/v2\/users\/5"}],"replies":[{"embeddable":true,"href":"http:\/\/xmm-ssc.irap.omp.eu\/xmm2athena\/wp-json\/wp\/v2\/comments?post=4767"}],"version-history":[{"count":1,"href":"http:\/\/xmm-ssc.irap.omp.eu\/xmm2athena\/wp-json\/wp\/v2\/pages\/4767\/revisions"}],"predecessor-version":[{"id":4769,"href":"http:\/\/xmm-ssc.irap.omp.eu\/xmm2athena\/wp-json\/wp\/v2\/pages\/4767\/revisions\/4769"}],"wp:attachment":[{"href":"http:\/\/xmm-ssc.irap.omp.eu\/xmm2athena\/wp-json\/wp\/v2\/media?parent=4767"}],"curies":[{"name":"wp","href":"https:\/\/api.w.org\/{rel}","templated":true}]}}

8ª Conferencia Internacional de la IUPAP sobre la Mujer en la Física (ICWIP2023)

<p class="has-black-color has-text-color">Por segunda vez, Iris Traulsen, codirectora del WP4 del AIP, ha sido nominada para participar en la Conferencia Internacional de la IUPAP sobre la Mujer en la Física (ICWIP) como miembro de la delegación alemana. La 8ª edición se celebrará del 9 al 14 de julio de 2023. Esta conferencia trienal reúne a físicos seleccionados de todo el mundo para abordar temas científicos y buenas prácticas en materia de equidad, diversidad e inclusión. El programa incluye charlas científicas de mujeres destacadas, mesas redondas y sesiones especiales sobre la situación de las minorías y las mujeres físicas en los países participantes. En talleres específicos y en una sesión plenaria, los delegados elaboran y acuerdan resoluciones para hacer avanzar la equidad en todo el mundo, que se remiten a la Asamblea General de la IUPAP. El 8º ICWIP virtual se celebra en la India y cuenta con la asistencia de casi 500 delegados de diversos niveles profesionales procedentes de países de Asia, América del Norte, América Latina, África y Europa.</p>



<div class="wp-block-columns">
<div class="wp-block-column"></div>



<div class="wp-block-column">
<figure class="wp-block-image size-large"><img loading="lazy" width="1024" height="580" src="http://xmm-ssc.irap.omp.eu/xmm2athena/wp-content/uploads/2023/07/icwip2023it-1-1024x580.jpg" alt="" class="wp-image-4768" srcset="http://xmm-ssc.irap.omp.eu/xmm2athena/wp-content/uploads/2023/07/icwip2023it-1-1024x580.jpg 1024w, http://xmm-ssc.irap.omp.eu/xmm2athena/wp-content/uploads/2023/07/icwip2023it-1-300x170.jpg 300w, http://xmm-ssc.irap.omp.eu/xmm2athena/wp-content/uploads/2023/07/icwip2023it-1-768x435.jpg 768w, http://xmm-ssc.irap.omp.eu/xmm2athena/wp-content/uploads/2023/07/icwip2023it-1.jpg 1095w" sizes="(max-width: 1024px) 100vw, 1024px" /></figure>
</div>



<div class="wp-block-column"></div>
</div>



<p></p>

<p>Por segunda vez, Iris Traulsen, codirectora del WP4 del AIP, ha sido nominada para participar en la Conferencia Internacional de la IUPAP sobre la Mujer en la Física (ICWIP) como miembro de la delegación alemana. La 8ª edición se celebrará del 9 al 14 de julio de 2023. Esta conferencia trienal reúne a físicos seleccionados&hellip; <br /> <a class="read-more" href="http://xmm-ssc.irap.omp.eu/xmm2athena/es/8a-conferencia-internacional-de-la-iupap-sobre-la-mujer-en-la-fisica-icwip2023/">Lire la suite</a></p>
