{"id":4195,"date":"2023-03-06T13:23:53","date_gmt":"2023-03-06T13:23:53","guid":{"rendered":"http:\/\/xmm-ssc.irap.omp.eu\/xmm2athena\/?page_id=4195"},"modified":"2024-03-18T15:48:33","modified_gmt":"2024-03-18T15:48:33","slug":"www-initiatives-2023-2","status":"publish","type":"page","link":"http:\/\/xmm-ssc.irap.omp.eu\/xmm2athena\/fr\/www-initiatives-2023-2\/","title":{"rendered":"WWW-Initiatives 2023"},"content":{"rendered":"\n<div class=\"wp-block-media-text alignwide is-stacked-on-mobile\"><figure class=\"wp-block-media-text__media\"><img loading=\"lazy\" width=\"1024\" height=\"576\" src=\"http:\/\/xmm-ssc.irap.omp.eu\/xmm2athena\/wp-content\/uploads\/2023\/11\/Logo_fete-de-la-science-1024x576-1.png\" alt=\"\" class=\"wp-image-5153 size-full\" srcset=\"http:\/\/xmm-ssc.irap.omp.eu\/xmm2athena\/wp-content\/uploads\/2023\/11\/Logo_fete-de-la-science-1024x576-1.png 1024w, http:\/\/xmm-ssc.irap.omp.eu\/xmm2athena\/wp-content\/uploads\/2023\/11\/Logo_fete-de-la-science-1024x576-1-300x169.png 300w, http:\/\/xmm-ssc.irap.omp.eu\/xmm2athena\/wp-content\/uploads\/2023\/11\/Logo_fete-de-la-science-1024x576-1-768x432.png 768w\" sizes=\"(max-width: 1024px) 100vw, 1024px\" \/><\/figure><div class=\"wp-block-media-text__content\">\n<p class=\"has-large-font-size\"><\/p>\n\n\n\n<p class=\"has-black-color has-text-color\">Les 13 et 14 octobre, dans le cadre de la <a rel=\"noreferrer noopener\" href=\"https:\/\/www.fetedelascience.fr\/\" target=\"_blank\">F\u00eate de la Science<\/a>, l&rsquo;IRAP a organis\u00e9 ses <a rel=\"noreferrer noopener\" href=\"https:\/\/www.irap.omp.eu\/grand-public\/evenements\/journee-portes-ouvertes-2023\/\" target=\"_blank\">Journ\u00e9es Portes Ouvertes<\/a>, qui se sont d\u00e9roul\u00e9es en deux temps :<\/p>\n\n\n\n<ul class=\"has-black-color has-text-color\"><li>Friday 13 October was being organised in collaboration with the <a rel=\"noreferrer noopener\" href=\"https:\/\/www.omp.eu\/\" target=\"_blank\">Observatoire Midi-Pyr\u00e9n\u00e9es<\/a> and was dedicated to welcoming schoolchildren. After an introduction by the Observatory\u2019s management, secondary school students from Castres (81) worked in small groups to discover themes such as earthquakes, the formation of water and molecules in space, exoplanets, virtual reality on Mars and the reconstruction of a real lunar space suit! Le vendredi 13 octobre \u00e9tait organis\u00e9 en collaboration avec l<a rel=\"noreferrer noopener\" href=\"https:\/\/www.omp.eu\/\" target=\"_blank\">&lsquo;Observatoire Midi-Pyr\u00e9n\u00e9es<\/a> et \u00e9tait consacr\u00e9 \u00e0 l&rsquo;accueil des scolaires. Apr\u00e8s une introduction par la direction de l&rsquo;Observatoire, les coll\u00e9giens de Castres (81) ont travaill\u00e9 en petits groupes pour d\u00e9couvrir des th\u00e8mes tels que les tremblements de terre, la formation de l&rsquo;eau et des mol\u00e9cules dans l&rsquo;espace, les exoplan\u00e8tes, la r\u00e9alit\u00e9 virtuelle sur Mars et la reconstitution d&rsquo;une v\u00e9ritable combinaison lunaire !<\/li><\/ul>\n\n\n\n<ul class=\"has-black-color has-text-color\"><li>Le samedi, l&rsquo;IRAP a ouvert ses portes au grand public (\u00e2ge minimum recommand\u00e9 : 6 ans). L&rsquo;objectif est de faire d\u00e9couvrir aux jeunes les th\u00e8mes et les projets de l&rsquo;IRAP et de leur donner envie de se lancer dans une carri\u00e8re dans ce domaine. Au <a rel=\"noreferrer noopener\" href=\"https:\/\/www.irap.omp.eu\/grand-public\/evenements\/journee-portes-ouvertes-2023\/\" target=\"_blank\">programme <\/a>de la journ\u00e9e, des ateliers et des conf\u00e9rences.<\/li><\/ul>\n<\/div><\/div>\n\n\n\n<div class=\"wp-container-1 wp-block-buttons\">\n<div class=\"wp-block-button is-style-outline\"><a class=\"wp-block-button__link has-text-color\" href=\"http:\/\/xmm-ssc.irap.omp.eu\/xmm2athena\/fr\/fete-de-la-science-2023-a-lirap\/\" style=\"color:#d12e7e\">Notre Participation<\/a><\/div>\n<\/div>\n\n\n\n<hr class=\"wp-block-separator is-style-wide\"\/>\n\n\n\n<div class=\"wp-block-media-text alignwide is-stacked-on-mobile\"><figure class=\"wp-block-media-text__media\"><img loading=\"lazy\" width=\"850\" height=\"478\" src=\"http:\/\/xmm-ssc.irap.omp.eu\/xmm2athena\/wp-content\/uploads\/2023\/11\/640x360_Night_English.jpg\" alt=\"\" class=\"wp-image-5148 size-full\" srcset=\"http:\/\/xmm-ssc.irap.omp.eu\/xmm2athena\/wp-content\/uploads\/2023\/11\/640x360_Night_English.jpg 850w, http:\/\/xmm-ssc.irap.omp.eu\/xmm2athena\/wp-content\/uploads\/2023\/11\/640x360_Night_English-300x169.jpg 300w, http:\/\/xmm-ssc.irap.omp.eu\/xmm2athena\/wp-content\/uploads\/2023\/11\/640x360_Night_English-768x432.jpg 768w\" sizes=\"(max-width: 850px) 100vw, 850px\" \/><\/figure><div class=\"wp-block-media-text__content\">\n<p class=\"has-large-font-size\"><\/p>\n\n\n\n<p class=\"has-black-color has-text-color\">La Nuit europ\u00e9enne des chercheurs est un \u00e9v\u00e9nement public d&rsquo;envergure europ\u00e9enne qui pr\u00e9sente la diversit\u00e9 de la science et son impact sur la vie quotidienne des citoyens de mani\u00e8re amusante et inspirante.<\/p>\n\n\n\n<p class=\"has-black-color has-text-color\">Cette ann\u00e9e, l&rsquo;\u00e9v\u00e9nement \u00e0 lieu dans <strong>26 pays, <\/strong>le <strong>vendredi 29 septembre 2023<\/strong>.<\/p>\n\n\n\n<p class=\"has-black-color has-text-color\">La nuite europ\u00e9enne des chercheurs a pour but de<\/p>\n\n\n\n<ul class=\"has-black-color has-text-color\"><li>rapprocher la recherche et les chercheurs du public<\/li><li>promouvoir d&rsquo;excellents projets de recherche \u00e0 travers l&rsquo;Europe et au-del\u00e0<\/li><li>accro\u00eetre l&rsquo;int\u00e9r\u00eat des jeunes pour les carri\u00e8res scientifiques et de recherche<\/li><li>montrer l&rsquo;impact du travail des chercheurs sur la vie quotidienne des gens<\/li><\/ul>\n\n\n\n<p class=\"has-black-color has-text-color\">La Nuit europ\u00e9enne des chercheurs attire chaque ann\u00e9e plus de 1,5 million de visiteurs en Europe et au-del\u00e0.<\/p>\n<\/div><\/div>\n\n\n\n<div class=\"wp-container-2 wp-block-buttons\">\n<div class=\"wp-block-button aligncenter is-style-outline\"><a class=\"wp-block-button__link has-white-background-color has-text-color has-background\" href=\"http:\/\/xmm-ssc.irap.omp.eu\/xmm2athena\/the-8th-iupap-international-conference-on-women-in-physics-icwip2023\/\" style=\"color:#d12e7e\">Notre Participation<\/a><\/div>\n<\/div>\n\n\n\n<hr class=\"wp-block-separator is-style-wide\"\/>\n\n\n\n<div class=\"wp-block-media-text alignwide is-stacked-on-mobile\"><figure class=\"wp-block-media-text__media\"><img loading=\"lazy\" width=\"1024\" height=\"279\" src=\"http:\/\/xmm-ssc.irap.omp.eu\/xmm2athena\/wp-content\/uploads\/2023\/07\/Screenshot-2023-07-12-at-12.17.43-1024x279-1.png\" alt=\"\" class=\"wp-image-4776 size-full\" srcset=\"http:\/\/xmm-ssc.irap.omp.eu\/xmm2athena\/wp-content\/uploads\/2023\/07\/Screenshot-2023-07-12-at-12.17.43-1024x279-1.png 1024w, http:\/\/xmm-ssc.irap.omp.eu\/xmm2athena\/wp-content\/uploads\/2023\/07\/Screenshot-2023-07-12-at-12.17.43-1024x279-1-300x82.png 300w, http:\/\/xmm-ssc.irap.omp.eu\/xmm2athena\/wp-content\/uploads\/2023\/07\/Screenshot-2023-07-12-at-12.17.43-1024x279-1-768x209.png 768w\" sizes=\"(max-width: 1024px) 100vw, 1024px\" \/><\/figure><div class=\"wp-block-media-text__content\">\n<h3 class=\"has-black-color has-text-color\">La 8\u00e8me conf\u00e9rence internationale de l&rsquo;<a href=\"https:\/\/iupap.org\/\" target=\"_blank\" rel=\"noreferrer noopener\">UIPAP<\/a> sur les femmes en physique (ICWIP2023)<\/h3>\n\n\n\n<p class=\"has-black-color has-text-color\">L&rsquo;Union internationale de physique pure et appliqu\u00e9e (\u00ab\u00a0IUPAP\u00a0\u00bb) a reconnu la n\u00e9cessit\u00e9 d&rsquo;encourager la participation des femmes \u00e0 la physique. La s\u00e9rie de conf\u00e9rences de l&rsquo;UIPPA sur les femmes en physique, organis\u00e9e par le groupe de travail 5 de l&rsquo;UIPPA, a connu non seulement le succ\u00e8s et la croissance, mais a \u00e9galement fait la diff\u00e9rence dans la communaut\u00e9 des physiciens.<\/p>\n\n\n\n<p class=\"has-black-color has-text-color\">La 8\u00e8me conf\u00e9rence de cette s\u00e9rie se tiendra virtuellement du 10 au 14 juillet 2023, avec l&rsquo;Inde comme pays h\u00f4te, et sera organis\u00e9e conjointement par le <a rel=\"noreferrer noopener\" href=\"https:\/\/www.tifr.res.in\/~ipa1970\/gipwg\/\" target=\"_blank\">groupe de travail sur le genre en physique<\/a> (GIPWG) de l&rsquo;<a href=\"https:\/\/www.tifr.res.in\/~ipa1970\/\" target=\"_blank\" rel=\"noreferrer noopener\">Association indienne de physique<\/a> (IPA) et l&rsquo;<a rel=\"noreferrer noopener\" href=\"https:\/\/www.tifr.res.in\/\" target=\"_blank\">Institut Tata de recherche fondamentale<\/a> (TIFR).<\/p>\n\n\n\n<p class=\"has-black-color has-text-color\">Le programme comprendra des s\u00e9ances pl\u00e9ni\u00e8res, des ateliers interactifs, des pr\u00e9sentations d&rsquo;affiches et des s\u00e9ances de mise en r\u00e9seau. En plus des documents nationaux d\u00e9crivant le statut des femmes en physique.<\/p>\n<\/div><\/div>\n\n\n\n<div class=\"wp-container-3 wp-block-buttons\">\n<div class=\"wp-block-button aligncenter is-style-outline\"><a class=\"wp-block-button__link has-text-color\" href=\"http:\/\/xmm-ssc.irap.omp.eu\/xmm2athena\/fr\/la-8e-conference-internationale-de-luipap-sur-les-femmes-en-physique-icwip2023\/\" style=\"color:#d12e7e\" target=\"_blank\" rel=\"noreferrer noopener\">Notre Participation<\/a><\/div>\n<\/div>\n\n\n\n<hr class=\"wp-block-separator is-style-wide\"\/>\n\n\n\n<div class=\"wp-block-media-text alignwide is-stacked-on-mobile\"><figure class=\"wp-block-media-text__media\"><img loading=\"lazy\" width=\"1024\" height=\"1024\" src=\"http:\/\/xmm-ssc.irap.omp.eu\/xmm2athena\/wp-content\/uploads\/2023\/03\/8march-1024x1024.jpg\" alt=\"\" class=\"wp-image-4234 size-full\" srcset=\"http:\/\/xmm-ssc.irap.omp.eu\/xmm2athena\/wp-content\/uploads\/2023\/03\/8march-1024x1024.jpg 1024w, http:\/\/xmm-ssc.irap.omp.eu\/xmm2athena\/wp-content\/uploads\/2023\/03\/8march-300x300.jpg 300w, http:\/\/xmm-ssc.irap.omp.eu\/xmm2athena\/wp-content\/uploads\/2023\/03\/8march-150x150.jpg 150w, http:\/\/xmm-ssc.irap.omp.eu\/xmm2athena\/wp-content\/uploads\/2023\/03\/8march-768x768.jpg 768w, http:\/\/xmm-ssc.irap.omp.eu\/xmm2athena\/wp-content\/uploads\/2023\/03\/8march.jpg 1080w\" sizes=\"(max-width: 1024px) 100vw, 1024px\" \/><\/figure><div class=\"wp-block-media-text__content\">\n<h3>8 Mars : Journ\u00e9e Internationale de la Femme<\/h3>\n\n\n\n<p class=\"has-black-color has-text-color\">La Journ\u00e9e internationale de la femme est c\u00e9l\u00e9br\u00e9e dans de nombreux pays du monde. C&rsquo;est une journ\u00e9e o\u00f9 les femmes sont reconnues pour leurs r\u00e9alisations sans tenir compte des divisions, qu&rsquo;elles soient nationales, ethniques, linguistiques, culturelles, \u00e9conomiques ou politiques.<\/p>\n\n\n\n<p>Depuis ces premi\u00e8res ann\u00e9es, la Journ\u00e9e internationale de la femme a pris une nouvelle dimension mondiale pour les femmes des pays d\u00e9velopp\u00e9s et en d\u00e9veloppement. Le mouvement international des femmes, en pleine expansion et renforc\u00e9 par quatre conf\u00e9rences mondiales des Nations unies sur les femmes, a contribu\u00e9 \u00e0 faire de la comm\u00e9moration un point de ralliement pour soutenir les droits des femmes et leur participation dans les domaines politique et \u00e9conomique.<\/p>\n<\/div><\/div>\n\n\n\n<div class=\"wp-container-4 wp-block-buttons\">\n<div class=\"wp-block-button aligncenter is-style-outline\"><a class=\"wp-block-button__link has-text-color\" href=\"http:\/\/xmm-ssc.irap.omp.eu\/xmm2athena\/international-womens-day-8-march-activities-2023\/\" style=\"color:#d12e7e\" target=\"_blank\" rel=\"noreferrer noopener\">Notre Participation<\/a><\/div>\n<\/div>\n\n\n\n<hr class=\"wp-block-separator is-style-wide\"\/>\n\n\n\n<div class=\"wp-block-media-text alignwide is-stacked-on-mobile\"><figure class=\"wp-block-media-text__media\"><img loading=\"lazy\" width=\"1024\" height=\"768\" src=\"http:\/\/xmm-ssc.irap.omp.eu\/xmm2athena\/wp-content\/uploads\/2023\/02\/Slide2_high-1024x768.png\" alt=\"\" class=\"wp-image-4068 size-full\" srcset=\"http:\/\/xmm-ssc.irap.omp.eu\/xmm2athena\/wp-content\/uploads\/2023\/02\/Slide2_high-1024x768.png 1024w, http:\/\/xmm-ssc.irap.omp.eu\/xmm2athena\/wp-content\/uploads\/2023\/02\/Slide2_high-300x225.png 300w, http:\/\/xmm-ssc.irap.omp.eu\/xmm2athena\/wp-content\/uploads\/2023\/02\/Slide2_high-768x576.png 768w, http:\/\/xmm-ssc.irap.omp.eu\/xmm2athena\/wp-content\/uploads\/2023\/02\/Slide2_high-1440x1080.png 1440w, http:\/\/xmm-ssc.irap.omp.eu\/xmm2athena\/wp-content\/uploads\/2023\/02\/Slide2_high.png 1500w\" sizes=\"(max-width: 1024px) 100vw, 1024px\" \/><\/figure><div class=\"wp-block-media-text__content\">\n<h3>Journ\u00e9e Internationale des Femmes et des Filles en Science : 11 Fevrier<\/h3>\n\n\n\n<p class=\"has-black-color has-text-color\">La science et l&rsquo;\u00e9galit\u00e9 des sexes sont toutes deux essentielles \u00e0 la r\u00e9alisation des objectifs de d\u00e9veloppement convenus au niveau international, notamment l&rsquo;Agenda 2030 pour le d\u00e9veloppement durable. Au cours des derni\u00e8res d\u00e9cennies, la communaut\u00e9 mondiale a d\u00e9ploy\u00e9 de nombreux efforts pour inspirer les femmes et les filles et les inciter \u00e0 s&rsquo;int\u00e9resser \u00e0 la science. Pourtant, les femmes et les filles continuent d&rsquo;\u00eatre exclues d&rsquo;une pleine participation \u00e0 la science.<\/p>\n\n\n\n<p class=\"has-black-color has-text-color\">Afin de parvenir \u00e0 un acc\u00e8s et une participation pleins et \u00e9gaux des femmes et des filles \u00e0 la science, et de r\u00e9aliser davantage l&rsquo;\u00e9galit\u00e9 des sexes et l&rsquo;autonomisation des femmes et des filles, l&rsquo;Assembl\u00e9e g\u00e9n\u00e9rale des Nations unies a d\u00e9clar\u00e9 le 11 f\u00e9vrier Journ\u00e9e internationale des femmes et des filles dans la science en 2015.<\/p>\n<\/div><\/div>\n\n\n\n<hr class=\"wp-block-separator has-text-color has-background has-white-background-color has-white-color is-style-dots\"\/>\n\n\n\n<div class=\"wp-container-5 wp-block-buttons\">\n<div class=\"wp-block-button is-style-outline\"><a class=\"wp-block-button__link has-text-color\" href=\"http:\/\/xmm-ssc.irap.omp.eu\/xmm2athena\/fr\/11-fevrier-2023-concours-de-mots-croises-que-savez-vous-des-femmes-astronomes\/\" style=\"color:#d12e7e\">Notre Participation<\/a><\/div>\n<\/div>\n\n\n\n<hr class=\"wp-block-separator is-style-wide\"\/>\n\n\n\n<div class=\"wp-block-media-text alignwide is-stacked-on-mobile\" style=\"grid-template-columns:48% auto\"><figure class=\"wp-block-media-text__media\"><img loading=\"lazy\" width=\"282\" height=\"208\" src=\"http:\/\/xmm-ssc.irap.omp.eu\/xmm2athena\/wp-content\/uploads\/2023\/03\/Jan2023_2.png\" alt=\"\" class=\"wp-image-4245 size-full\"\/><\/figure><div class=\"wp-block-media-text__content\">\n<h3>Offres de stage<\/h3>\n\n\n\n<p class=\"has-black-color has-text-color\">Dans le cadre de ses missions de formation et de diffusion des connaissances, l&rsquo;IRAP accueille chaque ann\u00e9e une soixantaine de coll\u00e9giens (stage d&rsquo;observation en milieu professionnel organis\u00e9 en 3\u00e8me ann\u00e9e) afin de leur offrir un premier contact avec le monde de la recherche.<\/p>\n\n\n\n<p class=\"has-black-color has-text-color\">L&rsquo;IRAP accueille \u00e9galement chaque ann\u00e9e une centaine d&rsquo;\u00e9tudiants en stage dans le cadre de leur formation en licence, master, \u00e9cole d&rsquo;ing\u00e9nieur ou IUT.<\/p>\n\n\n\n<p class=\"has-black-color has-text-color\">Plus d&rsquo;info : <a href=\"https:\/\/www.irap.omp.eu\/formation-emploi\/stages\/\">https:\/\/www.irap.omp.eu\/formation-emploi\/stages\/<\/a><\/p>\n<\/div><\/div>\n","protected":false},"excerpt":{"rendered":"<p>Les 13 et 14 octobre, dans le cadre de la F\u00eate de la Science, l&rsquo;IRAP a organis\u00e9 ses Journ\u00e9es Portes Ouvertes, qui se sont d\u00e9roul\u00e9es en deux temps : Friday 13 October was being organised in collaboration with the Observatoire Midi-Pyr\u00e9n\u00e9es and was dedicated to welcoming schoolchildren. After an introduction by the Observatory\u2019s management, secondary&hellip; <br \/> <a class=\"read-more\" href=\"http:\/\/xmm-ssc.irap.omp.eu\/xmm2athena\/fr\/www-initiatives-2023-2\/\">Lire la suite<\/a><\/p>\n","protected":false},"author":2,"featured_media":0,"parent":0,"menu_order":0,"comment_status":"closed","ping_status":"closed","template":"","meta":{"_eb_attr":"","_mi_skip_tracking":false,"_monsterinsights_sitenote_active":false,"_monsterinsights_sitenote_note":"","_monsterinsights_sitenote_category":0},"_links":{"self":[{"href":"http:\/\/xmm-ssc.irap.omp.eu\/xmm2athena\/wp-json\/wp\/v2\/pages\/4195"}],"collection":[{"href":"http:\/\/xmm-ssc.irap.omp.eu\/xmm2athena\/wp-json\/wp\/v2\/pages"}],"about":[{"href":"http:\/\/xmm-ssc.irap.omp.eu\/xmm2athena\/wp-json\/wp\/v2\/types\/page"}],"author":[{"embeddable":true,"href":"http:\/\/xmm-ssc.irap.omp.eu\/xmm2athena\/wp-json\/wp\/v2\/users\/2"}],"replies":[{"embeddable":true,"href":"http:\/\/xmm-ssc.irap.omp.eu\/xmm2athena\/wp-json\/wp\/v2\/comments?post=4195"}],"version-history":[{"count":7,"href":"http:\/\/xmm-ssc.irap.omp.eu\/xmm2athena\/wp-json\/wp\/v2\/pages\/4195\/revisions"}],"predecessor-version":[{"id":5235,"href":"http:\/\/xmm-ssc.irap.omp.eu\/xmm2athena\/wp-json\/wp\/v2\/pages\/4195\/revisions\/5235"}],"wp:attachment":[{"href":"http:\/\/xmm-ssc.irap.omp.eu\/xmm2athena\/wp-json\/wp\/v2\/media?parent=4195"}],"curies":[{"name":"wp","href":"https:\/\/api.w.org\/{rel}","templated":true}]}}