{"id":4184,"date":"2023-03-06T13:11:10","date_gmt":"2023-03-06T13:11:10","guid":{"rendered":"http:\/\/xmm-ssc.irap.omp.eu\/xmm2athena\/?page_id=4184"},"modified":"2023-04-06T13:16:30","modified_gmt":"2023-04-06T13:16:30","slug":"activites-de-la-journee-internationale-de-la-femme-du-8-mars","status":"publish","type":"page","link":"http:\/\/xmm-ssc.irap.omp.eu\/xmm2athena\/fr\/activites-de-la-journee-internationale-de-la-femme-du-8-mars\/","title":{"rendered":"Activit\u00e9s de la journ\u00e9e internationale de la femme du 8 mars 2023"},"content":{"rendered":"\n<h2>Contribution de l&rsquo;IRAP<\/h2>\n\n\n\n<div class=\"wp-block-media-text alignwide is-stacked-on-mobile\"><figure class=\"wp-block-media-text__media\"><a href=\"https:\/\/www.occitanie-ouest.cnrs.fr\/fr\/cnrsinfo\/les-femmes-scientifiques-sortent-de-lombre-4-les-maths-la-une\" target=\"_blank\" rel=\"noopener\"><img loading=\"lazy\" width=\"750\" height=\"750\" src=\"http:\/\/xmm-ssc.irap.omp.eu\/xmm2athena\/wp-content\/uploads\/2023\/03\/IRAP_8March.png\" alt=\"\" class=\"wp-image-4238 size-full\" srcset=\"http:\/\/xmm-ssc.irap.omp.eu\/xmm2athena\/wp-content\/uploads\/2023\/03\/IRAP_8March.png 750w, http:\/\/xmm-ssc.irap.omp.eu\/xmm2athena\/wp-content\/uploads\/2023\/03\/IRAP_8March-300x300.png 300w, http:\/\/xmm-ssc.irap.omp.eu\/xmm2athena\/wp-content\/uploads\/2023\/03\/IRAP_8March-150x150.png 150w\" sizes=\"(max-width: 750px) 100vw, 750px\" \/><\/a><\/figure><div class=\"wp-block-media-text__content\">\n<p><\/p>\n<\/div><\/div>\n\n\n\n<hr class=\"wp-block-separator has-text-color has-background has-white-background-color has-white-color is-style-dots\"\/>\n\n\n\n<hr class=\"wp-block-separator is-style-wide\"\/>\n\n\n\n<hr class=\"wp-block-separator has-text-color has-background has-white-background-color has-white-color is-style-dots\"\/>\n\n\n\n<h2>Contribution de l&rsquo;IFCA<\/h2>\n\n\n\n<div class=\"wp-block-media-text alignwide is-stacked-on-mobile\"><figure class=\"wp-block-media-text__media\"><img loading=\"lazy\" width=\"758\" height=\"531\" src=\"http:\/\/xmm-ssc.irap.omp.eu\/xmm2athena\/wp-content\/uploads\/2023\/03\/CARTEL-Desafi\u0301os-de-la-Mujer-2023-RdG1bfonpEuuTUgPmrnOZKN-758x531@Diario-Montanes.jpg\" alt=\"\" class=\"wp-image-4237 size-full\" srcset=\"http:\/\/xmm-ssc.irap.omp.eu\/xmm2athena\/wp-content\/uploads\/2023\/03\/CARTEL-Desafi\u0301os-de-la-Mujer-2023-RdG1bfonpEuuTUgPmrnOZKN-758x531@Diario-Montanes.jpg 758w, http:\/\/xmm-ssc.irap.omp.eu\/xmm2athena\/wp-content\/uploads\/2023\/03\/CARTEL-Desafi\u0301os-de-la-Mujer-2023-RdG1bfonpEuuTUgPmrnOZKN-758x531@Diario-Montanes-300x210.jpg 300w\" sizes=\"(max-width: 758px) 100vw, 758px\" \/><\/figure><div class=\"wp-block-media-text__content\">\n<h3>Noja accueille la deuxi\u00e8me conf\u00e9rence sur \u00ab\u00a0Les d\u00e9fis des femmes au 21e si\u00e8cle\u00a0\u00bb<\/h3>\n\n\n\n<p class=\"has-black-color has-text-color\">Pendant deux jours, des femmes de l&rsquo;administration, du monde du travail, du f\u00e9minisme, de la culture, du sport, de la communication et de la science ont d\u00e9battu, lors de diff\u00e9rentes tables rondes, des progr\u00e8s accomplis ces derni\u00e8res ann\u00e9es en mati\u00e8re d&rsquo;\u00e9galit\u00e9 et des \u00ab\u00a0\u00e9tapes qu&rsquo;il nous reste \u00e0 franchir pour mettre fin aux in\u00e9galit\u00e9s qui subsistent dans notre soci\u00e9t\u00e9\u00a0\u00bb.<\/p>\n<\/div><\/div>\n","protected":false},"excerpt":{"rendered":"<p>Contribution de l&rsquo;IRAP Contribution de l&rsquo;IFCA Noja accueille la deuxi\u00e8me conf\u00e9rence sur \u00ab\u00a0Les d\u00e9fis des femmes au 21e si\u00e8cle\u00a0\u00bb Pendant deux jours, des femmes de l&rsquo;administration, du monde du travail, du f\u00e9minisme, de la culture, du sport, de la communication et de la science ont d\u00e9battu, lors de diff\u00e9rentes tables rondes, des progr\u00e8s accomplis ces&hellip; <br \/> <a class=\"read-more\" href=\"http:\/\/xmm-ssc.irap.omp.eu\/xmm2athena\/fr\/activites-de-la-journee-internationale-de-la-femme-du-8-mars\/\">Lire la suite<\/a><\/p>\n","protected":false},"author":2,"featured_media":0,"parent":0,"menu_order":0,"comment_status":"closed","ping_status":"closed","template":"","meta":{"_eb_attr":"","_mi_skip_tracking":false,"_monsterinsights_sitenote_active":false,"_monsterinsights_sitenote_note":"","_monsterinsights_sitenote_category":0},"_links":{"self":[{"href":"http:\/\/xmm-ssc.irap.omp.eu\/xmm2athena\/wp-json\/wp\/v2\/pages\/4184"}],"collection":[{"href":"http:\/\/xmm-ssc.irap.omp.eu\/xmm2athena\/wp-json\/wp\/v2\/pages"}],"about":[{"href":"http:\/\/xmm-ssc.irap.omp.eu\/xmm2athena\/wp-json\/wp\/v2\/types\/page"}],"author":[{"embeddable":true,"href":"http:\/\/xmm-ssc.irap.omp.eu\/xmm2athena\/wp-json\/wp\/v2\/users\/2"}],"replies":[{"embeddable":true,"href":"http:\/\/xmm-ssc.irap.omp.eu\/xmm2athena\/wp-json\/wp\/v2\/comments?post=4184"}],"version-history":[{"count":2,"href":"http:\/\/xmm-ssc.irap.omp.eu\/xmm2athena\/wp-json\/wp\/v2\/pages\/4184\/revisions"}],"predecessor-version":[{"id":4349,"href":"http:\/\/xmm-ssc.irap.omp.eu\/xmm2athena\/wp-json\/wp\/v2\/pages\/4184\/revisions\/4349"}],"wp:attachment":[{"href":"http:\/\/xmm-ssc.irap.omp.eu\/xmm2athena\/wp-json\/wp\/v2\/media?parent=4184"}],"curies":[{"name":"wp","href":"https:\/\/api.w.org\/{rel}","templated":true}]}}