{"id":1718,"date":"2021-10-25T10:07:03","date_gmt":"2021-10-25T10:07:03","guid":{"rendered":"http:\/\/xmm-ssc.irap.omp.eu\/xmm2athena\/?page_id=1718"},"modified":"2023-06-09T12:27:27","modified_gmt":"2023-06-09T12:27:27","slug":"trabajos","status":"publish","type":"page","link":"http:\/\/xmm-ssc.irap.omp.eu\/xmm2athena\/es\/trabajos\/","title":{"rendered":"Trabajos"},"content":{"rendered":"\n<h2>Puesto Post-Doctoral en atronom\u00eda de Rayos-X para XMM-Newton (Julio 2023)<\/h2>\n\n\n\n<p><em>IRAP, Toulouse, France<\/em><\/p>\n\n\n\n<p class=\"has-black-color has-text-color\">El grupo `Astrophysics of Compact Objects\u2019 del departamento GAHEC del IRAP, Toulouse, invita a presentar candidaturas para un puesto postdoctoral para participar en las actividades del IRAP XMM-Newton Survey Science Centre (SSC). IRAP dirige los 8 institutos europeos que constituyen el XMM-Newton SSC, responsable en parte de la producci\u00f3n del Software de An\u00e1lisis Cient\u00edfico (SAS) de XMM-Newton, la identificaci\u00f3n de fuentes serendipias de rayos X y la producci\u00f3n de cat\u00e1logos de fuentes detectadas por XMM-Newton. El grupo tambi\u00e9n participa en proyectos actuales y futuros como INTEGRAL, Fermi, NuSTAR, CTA, SVOM y lidera el desarrollo de la Unidad de Campo Integral de Rayos X prevista para Athena.<\/p>\n\n\n\n<p class=\"has-black-color has-text-color\">Adem\u00e1s de participar en las actividades del CSC, el candidato seleccionado deber\u00e1 colaborar con otros miembros del grupo que trabajan en objetos compactos, utilizando datos de XMM-Newton y otros observatorios como NuSTAR, Chandra, Fermi, etc. Los intereses principales del grupo son la sincronizaci\u00f3n de estrellas de neutrones (p\u00falsares y QPOs), fuentes ultra luminosas de rayos X, binarias compactas en general y agujeros negros de masa intermedia.<\/p>\n\n\n\n<p class=\"has-black-color has-text-color\">Se espera que el candidato tenga: experiencia en astrof\u00edsica de altas energ\u00edas; algunos conocimientos de programaci\u00f3n y experiencia en objetos compactos. Tambi\u00e9n ser\u00eda ventajoso tener conocimientos de an\u00e1lisis de datos de otras longitudes de onda. El puesto est\u00e1 abierto a candidatos de cualquier nacionalidad que est\u00e9n en posesi\u00f3n de un doctorado. La duraci\u00f3n inicial del puesto es de un a\u00f1o, a partir de noviembre de 2023, renovable por otros dos a\u00f1os. Los candidatos deber\u00e1n presentar su curr\u00edculum v\u00edtae, un resumen de sus intereses de investigaci\u00f3n, una lista de publicaciones y dos cartas de recomendaci\u00f3n (en formato pdf) a Natalie Webb ( Natalie.Webb@irap.omp.eu ) antes del 7 de julio de 2023.<br><br>Beneficios incluidos:<\/p>\n\n\n\n<p class=\"has-black-color has-text-color\">Se dispone de financiaci\u00f3n adicional para conferencias, colaboraciones, equipos personales y publicaciones. El puesto incluye acceso completo al sistema sanitario franc\u00e9s (m\u00e9dico y dental, baja por enfermedad, baja por maternidad).<\/p>\n\n\n\n<hr class=\"wp-block-separator is-style-wide\"\/>\n\n\n\n<h2>Puesto posdoctoral en el Observatorio Astron\u00f3mico de Estrasburgo (Julio 2023)<\/h2>\n\n\n\n<p class=\"has-black-color has-text-color\">El Observatorio es una de las instituciones miembro del XMM-Newton Survey Science Centre (SSC) y tambi\u00e9n alberga el CDS (Centre de Donn\u00e9es astronomiques de Strasbourg). El grupo SSC tambi\u00e9n participa activamente en futuras misiones como SVOM y Athena o en proyectos como XMM2Athena.<\/p>\n\n\n\n<p class=\"has-black-color has-text-color\">Dentro del consorcio SSC, Estrasburgo es responsable de la tarea de reducci\u00f3n de datos para extraer informaci\u00f3n multi-longitud de onda de todas las fuentes de EPIC de XMM-Newton. Adem\u00e1s, el SSC proporciona herramientas de software y bases de datos espec\u00edficas heredadas del proyecto europeo ARCHES cuyo objetivo es facilitar la identificaci\u00f3n de fuentesde EPIC gracias a la correlaci\u00f3n cruzada probabil\u00edstica multicat\u00e1logo y a las distribuciones de energ\u00eda espectral asociadas. Las actividades del CSC se llevan a cabo en estrecha colaboraci\u00f3n con CDS.<\/p>\n\n\n\n<p class=\"has-black-color has-text-color\">Se espera que el candidato seleccionado participe en todas las actividades de la SSC y que centre parte de su trabajo de investigaci\u00f3n en la explotaci\u00f3n cient\u00edfica de los datos multi-longitud de onda existentes basados actualmente en los cat\u00e1logos XMM producidos por la SSC.<\/p>\n\n\n\n<p class=\"has-black-color has-text-color\">Intereses cient\u00edficos cercanos a los del equipo anfitri\u00f3n (binarias de rayos X, ULXs, poblaciones de fuentes de rayos X en Nubes de Magallanes y galaxias cercanas) ser\u00e1n bienvenidos.<\/p>\n\n\n\n<p class=\"has-black-color has-text-color\">El puesto est\u00e1 financiado por la Universit\u00e9 de Strasbourg y por el Centre National d\u2019Etudes Spatiales (CNES) franc\u00e9s por un a\u00f1o renovable anualmente. La fecha de inicio podr\u00eda ser a partir de julio de 2023.<\/p>\n\n\n\n<p class=\"has-black-color has-text-color\">Los solicitantes deben enviar un CV, una lista de publicaciones, una declaraci\u00f3n de intereses de investigaci\u00f3n y los datos de contacto de dos personas de referencia al Dr. L. Michel o al Dr. Pierre Maggi antes de finales de julio de 2023.<\/p>\n\n\n\n<p class=\"has-black-color has-text-color\">Las consultas informales pueden dirigirse al Dr. L. Michel (laurent.michel@astro.unistra.fr) o al Dr. P. Maggi ( pierre.maggi@astro.unistra.fr ), no m\u00e1s tarde de finales de julio 2023.<\/p>\n\n\n\n<hr class=\"wp-block-separator is-style-wide\"\/>\n\n\n\n<h2>Puesto PostDoctoral en Astrof\u00edsica de altas energ\u00edas, Strasbourg (Francia) <\/h2>\n\n\n\n<p class=\"has-black-color has-text-color\">Invitamos a presentar candidaturas para un puesto postdoctoral en el <a href=\"https:\/\/astro.unistra.fr\/en\/\" target=\"_blank\" rel=\"noreferrer noopener\">Observatorio Astron\u00f3mico de Estrasburgo (ObAS)<\/a> para participar en el proyecto financiado por la UE H2020 SPACE XMM2ATHENA. El ObAS alberga el Centre de Donnees astronomiques de Strasbourg (CDS) y es una de las instituciones miembro del XMM-Newton Survey Science Centre (SSC). El instituto tambi\u00e9n participa activamente en futuros proyectos como SVOM, IXPE, eXTP y Athena.<\/p>\n\n\n\n<p class=\"has-black-color has-text-color\">XMM2ATHENA es una colaboraci\u00f3n de 9 institutos europeos, incluidos miembros del XMM-Newton SSC, para desarrollar m\u00e9todos innovadores para maximizar el rendimiento del actual observatorio de rayos X XMM-Newton y preparar la pr\u00f3xima misi\u00f3n de rayos X Athena.<\/p>\n\n\n\n<p class=\"has-black-color has-text-color\">El postdoc se encargar\u00e1 de ampliar las funcionalidades del software estad\u00edstico de emparejamiento cruzado multi-longitud de onda desarrollado por el proyecto europeo ARCHES FP-7 anteriormente liderado por Estrasburgo. La mejora de la herramienta de identificaci\u00f3n y clasificaci\u00f3n es clave para el proyecto. Tambi\u00e9n esperamos que el candidato seleccionado participe activamente en la explotaci\u00f3n cient\u00edfica de esta herramienta; intereses cient\u00edficos cercanos a los del equipo invetigador (binarias de rayos X, ULXs, poblaciones de fuentes de rayos X en la V\u00eda L\u00e1ctea, las Nubes de Magallanes y galaxias cercanas) ser\u00e1n bienvenidos.<\/p>\n\n\n\n<p class=\"has-black-color has-text-color\">Se espera que el candidato tenga un doctorado en F\u00edsica o Astronom\u00eda, experiencia en astrof\u00edsica de altas energ\u00edas y conocimientos de programaci\u00f3n. El salario se basa en el baremo de la funci\u00f3n p\u00fablica francesa y en la experiencia previa del candidato. Se ofrece financiaci\u00f3n adicional para conferencias, colaboraciones, equipo personal y publicaciones. El puesto incluye acceso completo al sistema sanitario franc\u00e9s (m\u00e9dico y dental, baja por enfermedad, baja por maternidad) y al fondo de pensiones.&nbsp;El nombramiento inicial es por un a\u00f1o, a partir de antes de abril de 2023, con posibilidad de pr\u00f3rroga por un segundo a\u00f1o en funci\u00f3n de la disponibilidad de fondos.&nbsp;<\/p>\n\n\n\n<p class=\"has-black-color has-text-color\">Los candidatos deber\u00e1n enviar un curr\u00edculum v\u00edtae, una lista de publicaciones, un resumen de sus intereses de investigaci\u00f3n (2-3 p\u00e1ginas como m\u00e1ximo) y los datos de contacto de dos personas de referencia a Ada Nebot (ada.nebot@astro.unistra.fr) antes del 9 de enero de 2023. No se tendr\u00e1n en cuenta las solicitudes presentadas fuera de plazo. ObAS ofrece igualdad de oportunidades. Alentamos las candidaturas de mujeres y minor\u00edas. Traducido con www.DeepL.com\/Translator (versi\u00f3n gratuita)<\/p>\n\n\n\n<hr class=\"wp-block-separator has-text-color has-background has-white-background-color has-white-color is-style-dots\"\/>\n\n\n\n<hr class=\"wp-block-separator is-style-wide\"\/>\n\n\n\n<div class=\"wp-block-columns\">\n<div class=\"wp-block-column\">\n<h2>Trabajo PostDoctoral (English version)<\/h2>\n\n\n\n<p>Trabajo postdoctoral para el proyecto H2020 SPACE XMM2ATHENA <\/p>\n\n\n\n<p>NOA\/IAASARS, ATHENS, GREECE<\/p>\n\n\n\n<p>Applications are invited for a post-doctoral position at the Institute of Astronomy Astrophysics Space Applications and Remote Sensing (IAASARS) of the National Observatory of Athens (NOA). The successful applicant will closely collaborate with the X-ray group of the IAASARS (<a href=\"https:\/\/www.astro.noa.gr\/en\/staff\/research-personnel\/akylas-athanassios\/\" target=\"_blank\" rel=\"noreferrer noopener\">Dr. Akylas<\/a>, <a href=\"https:\/\/www.astro.noa.gr\/en\/staff\/research-personnel\/georgantopoulos-ioannis\/\" target=\"_blank\" rel=\"noreferrer noopener\">Dr. Georgantopoulos<\/a>, <a href=\"http:\/\/members.noa.gr\/age\/\" target=\"_blank\" rel=\"noreferrer noopener\">Dr. Georgakakis<\/a>) to develop novel tools, largely based on Artificial Intelligence algorithms, that will generate value-added products (e.g. photometric redshifts, upper limits) for the <a href=\"https:\/\/www.sea-astronomia.es\/These%20methods%20will%20then%20be%20integrated%20into%20the%20Athena%20software%2C%20currently%20at%20the%20beginning%20of%20the%20developmental%20phase%20and%20the%20newly%20detected\/identified%20sources%20will%20enhance%20our%20preparation%20of%20the%20X-ray%20sky%20that%20will%20be%20observed%20with%20Athena.\" target=\"_blank\" rel=\"noreferrer noopener\">4XMM<\/a> serendipitous source catalogue. The scientific exploitation of these products will also be part of the contract.&nbsp;<\/p>\n\n\n\n<p>The position is funded by the EU H2020 <a href=\"http:\/\/xmm-ssc.irap.omp.eu\/xmm2athena\/\" target=\"_blank\" rel=\"noreferrer noopener\">XMM2ATHENA<\/a> project. It brings together 9 European nodes with extensive expertise in high energy astrophysics, including members of the XMM-Newton and Athena Science ground segments, to develop innovative X-ray analysis methods and algorithms. These will be tested on existing XMM-Newton data and will form the basis for the Athena data analysis software, currently at the beginning of the developmental phase.&nbsp;<\/p>\n\n\n\n<p>Preferred qualifications include&nbsp; a PhD in Astronomy, Astrophysics or related field by the start date as well as experience in (i) high energy astrophysics, (ii) programming of complex algorithms with emphasis on machine\/deep learning, (iii) handling of large multiwavelength datasets and (iv) population studies of extragalactic sources.<\/p>\n\n\n\n<p>The post is for 18 months, starting in early 2022. For informal inquiries please contact Dr. Thanassis Akylas (<a href=\"mailto:aakylas@noa.gr\" target=\"_blank\" rel=\"noreferrer noopener\">aakylas@noa.gr<\/a>).<\/p>\n\n\n\n<p>Interested candidates can apply via email by sending a curriculum vitae, a summary of research interests (limited to 3 pages) and a list of publications (all as pdf files) to the secretary <a href=\"mailto:m.vasilaki@noa.gr\" target=\"_blank\" rel=\"noreferrer noopener\">m.vasilaki@noa.gr<\/a> before Oct. 15th&nbsp; 2021. Please also arrange for two letters of reference to be sent to the same email address by the above deadline. NOA is an equal-opportunity employer. We encourage applications from women and minorities.<\/p>\n\n\n\n<p>Additional Benefits: Funding for conference and collaboration traveling, personal equipment and publication costs is available. The position includes full access to the Greek healthcare system and pension fund.<\/p>\n<\/div>\n<\/div>\n","protected":false},"excerpt":{"rendered":"<p>Puesto Post-Doctoral en atronom\u00eda de Rayos-X para XMM-Newton (Julio 2023) IRAP, Toulouse, France El grupo `Astrophysics of Compact Objects\u2019 del departamento GAHEC del IRAP, Toulouse, invita a presentar candidaturas para un puesto postdoctoral para participar en las actividades del IRAP XMM-Newton Survey Science Centre (SSC). IRAP dirige los 8 institutos europeos que constituyen el XMM-Newton&hellip; <br \/> <a class=\"read-more\" href=\"http:\/\/xmm-ssc.irap.omp.eu\/xmm2athena\/es\/trabajos\/\">Lire la suite<\/a><\/p>\n","protected":false},"author":5,"featured_media":0,"parent":0,"menu_order":0,"comment_status":"closed","ping_status":"closed","template":"","meta":{"_eb_attr":"","_mi_skip_tracking":false,"_monsterinsights_sitenote_active":false,"_monsterinsights_sitenote_note":"","_monsterinsights_sitenote_category":0},"_links":{"self":[{"href":"http:\/\/xmm-ssc.irap.omp.eu\/xmm2athena\/wp-json\/wp\/v2\/pages\/1718"}],"collection":[{"href":"http:\/\/xmm-ssc.irap.omp.eu\/xmm2athena\/wp-json\/wp\/v2\/pages"}],"about":[{"href":"http:\/\/xmm-ssc.irap.omp.eu\/xmm2athena\/wp-json\/wp\/v2\/types\/page"}],"author":[{"embeddable":true,"href":"http:\/\/xmm-ssc.irap.omp.eu\/xmm2athena\/wp-json\/wp\/v2\/users\/5"}],"replies":[{"embeddable":true,"href":"http:\/\/xmm-ssc.irap.omp.eu\/xmm2athena\/wp-json\/wp\/v2\/comments?post=1718"}],"version-history":[{"count":8,"href":"http:\/\/xmm-ssc.irap.omp.eu\/xmm2athena\/wp-json\/wp\/v2\/pages\/1718\/revisions"}],"predecessor-version":[{"id":4576,"href":"http:\/\/xmm-ssc.irap.omp.eu\/xmm2athena\/wp-json\/wp\/v2\/pages\/1718\/revisions\/4576"}],"wp:attachment":[{"href":"http:\/\/xmm-ssc.irap.omp.eu\/xmm2athena\/wp-json\/wp\/v2\/media?parent=1718"}],"curies":[{"name":"wp","href":"https:\/\/api.w.org\/{rel}","templated":true}]}}