{"id":1572,"date":"2021-10-19T08:40:53","date_gmt":"2021-10-19T08:40:53","guid":{"rendered":"http:\/\/xmm-ssc.irap.omp.eu\/xmm2athena\/?page_id=1572"},"modified":"2023-09-19T11:34:38","modified_gmt":"2023-09-19T11:34:38","slug":"divulgacion","status":"publish","type":"page","link":"http:\/\/xmm-ssc.irap.omp.eu\/xmm2athena\/es\/divulgacion\/","title":{"rendered":"Divulgaci\u00f3n"},"content":{"rendered":"\n<p>La p\u00e1gina de divulgaci\u00f3n del proyecto XMM2Athena pretende acercar los resultados cient\u00edficos obtenidos al mayor n\u00famero de personas posible, independientemente de sus conocimientos en la materia.<br>Esta p\u00e1gina est\u00e1 abierta al p\u00fablico en general, se ir\u00e1n a\u00f1adiendo contenidos audiovisuales sobre el proyecto as\u00ed como las actividades que se vayan desarrollando. Tambi\u00e9n se podr\u00e1 encontrar material de divulgaci\u00f3n, enlaces a nuestras redes sociales y a las principales webs de astronom\u00eda.<\/p>\n\n\n\n<div class=\"wp-block-columns are-vertically-aligned-center\">\n<div class=\"wp-block-column is-vertically-aligned-center\" style=\"flex-basis:100%\">\n<div class=\"wp-container-4 wp-block-group alignwide\"><div class=\"wp-block-group__inner-container\">\n<div class=\"wp-block-columns\">\n<div class=\"wp-block-column\">\n<div class=\"wp-block-image is-style-rounded\"><figure class=\"aligncenter size-large\"><img loading=\"lazy\" width=\"1728\" height=\"1078\" src=\"http:\/\/xmm-ssc.irap.omp.eu\/xmm2athena\/wp-content\/uploads\/2021\/06\/back-to-school-6305169_1920-2-edited.jpg\" alt=\"\" class=\"wp-image-749\" srcset=\"http:\/\/xmm-ssc.irap.omp.eu\/xmm2athena\/wp-content\/uploads\/2021\/06\/back-to-school-6305169_1920-2-edited.jpg 1728w, http:\/\/xmm-ssc.irap.omp.eu\/xmm2athena\/wp-content\/uploads\/2021\/06\/back-to-school-6305169_1920-2-edited-300x187.jpg 300w, http:\/\/xmm-ssc.irap.omp.eu\/xmm2athena\/wp-content\/uploads\/2021\/06\/back-to-school-6305169_1920-2-edited-1024x639.jpg 1024w, http:\/\/xmm-ssc.irap.omp.eu\/xmm2athena\/wp-content\/uploads\/2021\/06\/back-to-school-6305169_1920-2-edited-768x479.jpg 768w, http:\/\/xmm-ssc.irap.omp.eu\/xmm2athena\/wp-content\/uploads\/2021\/06\/back-to-school-6305169_1920-2-edited-1536x958.jpg 1536w\" sizes=\"(max-width: 1728px) 100vw, 1728px\" \/><\/figure><\/div>\n\n\n\n<div class=\"wp-container-1 wp-block-buttons\">\n<div class=\"wp-block-button is-style-outline\"><a class=\"wp-block-button__link has-text-color\" href=\"http:\/\/xmm-ssc.irap.omp.eu\/xmm2athena\/es\/materiales\/\" style=\"color:#d12e7e\" target=\"_blank\" rel=\"noreferrer noopener\">MATERIALES<\/a><\/div>\n<\/div>\n<\/div>\n\n\n\n<div class=\"wp-block-column\">\n<div class=\"wp-block-image is-style-rounded\"><figure class=\"aligncenter size-large\"><img loading=\"lazy\" width=\"1554\" height=\"975\" src=\"http:\/\/xmm-ssc.irap.omp.eu\/xmm2athena\/wp-content\/uploads\/2021\/06\/demonstration-767983_1920-2-edited.jpg\" alt=\"\" class=\"wp-image-751\" srcset=\"http:\/\/xmm-ssc.irap.omp.eu\/xmm2athena\/wp-content\/uploads\/2021\/06\/demonstration-767983_1920-2-edited.jpg 1554w, http:\/\/xmm-ssc.irap.omp.eu\/xmm2athena\/wp-content\/uploads\/2021\/06\/demonstration-767983_1920-2-edited-300x188.jpg 300w, http:\/\/xmm-ssc.irap.omp.eu\/xmm2athena\/wp-content\/uploads\/2021\/06\/demonstration-767983_1920-2-edited-1024x642.jpg 1024w, http:\/\/xmm-ssc.irap.omp.eu\/xmm2athena\/wp-content\/uploads\/2021\/06\/demonstration-767983_1920-2-edited-768x482.jpg 768w, http:\/\/xmm-ssc.irap.omp.eu\/xmm2athena\/wp-content\/uploads\/2021\/06\/demonstration-767983_1920-2-edited-1536x964.jpg 1536w\" sizes=\"(max-width: 1554px) 100vw, 1554px\" \/><\/figure><\/div>\n\n\n\n<div class=\"wp-container-2 wp-block-buttons\">\n<div class=\"wp-block-button is-style-outline\"><a class=\"wp-block-button__link has-text-color\" href=\"http:\/\/xmm-ssc.irap.omp.eu\/xmm2athena\/es\/el-universo-en-rayos-x-para-ver-y-oir\/\" style=\"color:#d12e7e\" target=\"_blank\" rel=\"noreferrer noopener\">El Universo en Rayos-X: para ver y oir<\/a><\/div>\n<\/div>\n<\/div>\n\n\n\n<div class=\"wp-block-column\">\n<div class=\"wp-block-image is-style-rounded\"><figure class=\"aligncenter size-large\"><img loading=\"lazy\" width=\"376\" height=\"234\" src=\"http:\/\/xmm-ssc.irap.omp.eu\/xmm2athena\/wp-content\/uploads\/2021\/06\/cinema_astro_low-6-edited.png\" alt=\"\" class=\"wp-image-755\" srcset=\"http:\/\/xmm-ssc.irap.omp.eu\/xmm2athena\/wp-content\/uploads\/2021\/06\/cinema_astro_low-6-edited.png 376w, http:\/\/xmm-ssc.irap.omp.eu\/xmm2athena\/wp-content\/uploads\/2021\/06\/cinema_astro_low-6-edited-300x187.png 300w\" sizes=\"(max-width: 376px) 100vw, 376px\" \/><\/figure><\/div>\n\n\n\n<div class=\"wp-container-3 wp-block-buttons\">\n<div class=\"wp-block-button is-style-outline\"><a class=\"wp-block-button__link has-text-color\" href=\"http:\/\/xmm-ssc.irap.omp.eu\/xmm2athena\/es\/galeria\/\" style=\"color:#d12e7e\" target=\"_blank\" rel=\"noreferrer noopener\">GALER\u00cdA<\/a><\/div>\n<\/div>\n<\/div>\n<\/div>\n<\/div><\/div>\n<\/div>\n<\/div>\n\n\n\n<hr class=\"wp-block-separator\"\/>\n\n\n\n<div class=\"wp-block-columns\">\n<div class=\"wp-block-column\">\n<div class=\"wp-block-columns\">\n<div class=\"wp-block-column\">\n<div class=\"wp-block-image is-style-rounded\"><figure class=\"aligncenter size-large\"><img loading=\"lazy\" width=\"399\" height=\"250\" src=\"http:\/\/xmm-ssc.irap.omp.eu\/xmm2athena\/wp-content\/uploads\/2021\/06\/feb11-7-edited.jpg\" alt=\"\" class=\"wp-image-759\" srcset=\"http:\/\/xmm-ssc.irap.omp.eu\/xmm2athena\/wp-content\/uploads\/2021\/06\/feb11-7-edited.jpg 399w, http:\/\/xmm-ssc.irap.omp.eu\/xmm2athena\/wp-content\/uploads\/2021\/06\/feb11-7-edited-300x188.jpg 300w\" sizes=\"(max-width: 399px) 100vw, 399px\" \/><\/figure><\/div>\n\n\n\n<div class=\"wp-container-5 wp-block-buttons\">\n<div class=\"wp-block-button is-style-outline\"><a class=\"wp-block-button__link has-text-color\" href=\"http:\/\/xmm-ssc.irap.omp.eu\/xmm2athena\/es\/www-iniciativas\/\" style=\"color:#d12e7e\" target=\"_blank\" rel=\"noreferrer noopener\">WWW-INICIATIVAS<\/a><\/div>\n<\/div>\n<\/div>\n\n\n\n<div class=\"wp-block-column\">\n<div class=\"wp-block-image is-style-rounded\"><figure class=\"aligncenter size-large\"><img loading=\"lazy\" width=\"1230\" height=\"766\" src=\"http:\/\/xmm-ssc.irap.omp.eu\/xmm2athena\/wp-content\/uploads\/2021\/06\/https-3344700_1920-3-edited.jpg\" alt=\"\" class=\"wp-image-761\" srcset=\"http:\/\/xmm-ssc.irap.omp.eu\/xmm2athena\/wp-content\/uploads\/2021\/06\/https-3344700_1920-3-edited.jpg 1230w, http:\/\/xmm-ssc.irap.omp.eu\/xmm2athena\/wp-content\/uploads\/2021\/06\/https-3344700_1920-3-edited-300x187.jpg 300w, http:\/\/xmm-ssc.irap.omp.eu\/xmm2athena\/wp-content\/uploads\/2021\/06\/https-3344700_1920-3-edited-1024x638.jpg 1024w, http:\/\/xmm-ssc.irap.omp.eu\/xmm2athena\/wp-content\/uploads\/2021\/06\/https-3344700_1920-3-edited-768x478.jpg 768w\" sizes=\"(max-width: 1230px) 100vw, 1230px\" \/><\/figure><\/div>\n\n\n\n<div class=\"wp-container-6 wp-block-buttons\">\n<div class=\"wp-block-button is-style-outline\"><a class=\"wp-block-button__link has-text-color\" href=\"http:\/\/xmm-ssc.irap.omp.eu\/xmm2athena\/es\/links-2\/\" style=\"color:#d12e7e\" target=\"_blank\" rel=\"noreferrer noopener\">EN LA NUBE: LINKS<\/a><\/div>\n<\/div>\n<\/div>\n\n\n\n<div class=\"wp-block-column\">\n<div class=\"wp-block-image is-style-rounded\"><figure class=\"aligncenter size-large\"><img loading=\"lazy\" width=\"1364\" height=\"855\" src=\"http:\/\/xmm-ssc.irap.omp.eu\/xmm2athena\/wp-content\/uploads\/2021\/06\/smartphone-1445489_1920-2-edited.jpg\" alt=\"\" class=\"wp-image-763\" srcset=\"http:\/\/xmm-ssc.irap.omp.eu\/xmm2athena\/wp-content\/uploads\/2021\/06\/smartphone-1445489_1920-2-edited.jpg 1364w, http:\/\/xmm-ssc.irap.omp.eu\/xmm2athena\/wp-content\/uploads\/2021\/06\/smartphone-1445489_1920-2-edited-300x188.jpg 300w, http:\/\/xmm-ssc.irap.omp.eu\/xmm2athena\/wp-content\/uploads\/2021\/06\/smartphone-1445489_1920-2-edited-1024x642.jpg 1024w, http:\/\/xmm-ssc.irap.omp.eu\/xmm2athena\/wp-content\/uploads\/2021\/06\/smartphone-1445489_1920-2-edited-768x481.jpg 768w\" sizes=\"(max-width: 1364px) 100vw, 1364px\" \/><\/figure><\/div>\n\n\n\n<div class=\"wp-container-7 wp-block-buttons\">\n<div class=\"wp-block-button is-style-outline\"><a class=\"wp-block-button__link has-text-color\" href=\"http:\/\/xmm-ssc.irap.omp.eu\/xmm2athena\/es\/consorcio2\/\" style=\"color:#d12e7e\" target=\"_blank\" rel=\"noreferrer noopener\">CONSORCIO: QUIEN ES QUIEN<\/a><\/div>\n<\/div>\n<\/div>\n<\/div>\n<\/div>\n<\/div>\n\n\n\n<p><\/p>\n","protected":false},"excerpt":{"rendered":"<p>La p\u00e1gina de divulgaci\u00f3n del proyecto XMM2Athena pretende acercar los resultados cient\u00edficos obtenidos al mayor n\u00famero de personas posible, independientemente de sus conocimientos en la materia.Esta p\u00e1gina est\u00e1 abierta al p\u00fablico en general, se ir\u00e1n a\u00f1adiendo contenidos audiovisuales sobre el proyecto as\u00ed como las actividades que se vayan desarrollando. Tambi\u00e9n se podr\u00e1 encontrar material de&hellip; <br \/> <a class=\"read-more\" href=\"http:\/\/xmm-ssc.irap.omp.eu\/xmm2athena\/es\/divulgacion\/\">Lire la suite<\/a><\/p>\n","protected":false},"author":5,"featured_media":0,"parent":0,"menu_order":0,"comment_status":"closed","ping_status":"closed","template":"","meta":{"_eb_attr":"","_mi_skip_tracking":false,"_monsterinsights_sitenote_active":false,"_monsterinsights_sitenote_note":"","_monsterinsights_sitenote_category":0},"_links":{"self":[{"href":"http:\/\/xmm-ssc.irap.omp.eu\/xmm2athena\/wp-json\/wp\/v2\/pages\/1572"}],"collection":[{"href":"http:\/\/xmm-ssc.irap.omp.eu\/xmm2athena\/wp-json\/wp\/v2\/pages"}],"about":[{"href":"http:\/\/xmm-ssc.irap.omp.eu\/xmm2athena\/wp-json\/wp\/v2\/types\/page"}],"author":[{"embeddable":true,"href":"http:\/\/xmm-ssc.irap.omp.eu\/xmm2athena\/wp-json\/wp\/v2\/users\/5"}],"replies":[{"embeddable":true,"href":"http:\/\/xmm-ssc.irap.omp.eu\/xmm2athena\/wp-json\/wp\/v2\/comments?post=1572"}],"version-history":[{"count":12,"href":"http:\/\/xmm-ssc.irap.omp.eu\/xmm2athena\/wp-json\/wp\/v2\/pages\/1572\/revisions"}],"predecessor-version":[{"id":4892,"href":"http:\/\/xmm-ssc.irap.omp.eu\/xmm2athena\/wp-json\/wp\/v2\/pages\/1572\/revisions\/4892"}],"wp:attachment":[{"href":"http:\/\/xmm-ssc.irap.omp.eu\/xmm2athena\/wp-json\/wp\/v2\/media?parent=1572"}],"curies":[{"name":"wp","href":"https:\/\/api.w.org\/{rel}","templated":true}]}}