{"id":1439,"date":"2021-09-14T08:35:02","date_gmt":"2021-09-14T08:35:02","guid":{"rendered":"http:\/\/xmm-ssc.irap.omp.eu\/xmm2athena\/?page_id=1439"},"modified":"2022-12-20T11:56:06","modified_gmt":"2022-12-20T11:56:06","slug":"jobs-2","status":"publish","type":"page","link":"http:\/\/xmm-ssc.irap.omp.eu\/xmm2athena\/fr\/jobs-2\/","title":{"rendered":"Jobs"},"content":{"rendered":"\n<h2>Post-doctorat (English version)<\/h2>\n\n\n\n<p class=\"has-black-color has-text-color\">We invite applications for a postdoctoral position at <a href=\"https:\/\/astro.unistra.fr\/en\/\" target=\"_blank\" rel=\"noreferrer noopener\">Strasbourg Astronomical Observatory (ObAS)<\/a> to participate in the EU-funded project H2020 SPACE &nbsp;XMM2ATHENA. The ObsAS harbours the Centre de Donnees astronomiques de Strasbourg (CDS) and is one of the member institutions of the XMM-Newton Survey Science Centre (SSC). The institute is also actively involved in future projects such as SVOM, IXPE, eXTP and Athena.<\/p>\n\n\n\n<p class=\"has-black-color has-text-color\">XMM2ATHENA is a collaboration of 9 European Institutes including members of the XMM-Newton SSC to develop innovative methods to maximize the return from the current X-ray observatory XMM-Newton and prepare for the forthcoming X-ray mission Athena.<\/p>\n\n\n\n<p class=\"has-black-color has-text-color\">The postdoc will lead efforts to expand the functionalities of the statistical multi-wavelength cross-matching software developed by the ARCHES FP-7 European project formerly led by Strasbourg. The improved identification and classification tool is key for the project. We also expect the successful applicant to actively take part in the scientific exploitation of this tool; Scientific interests close to those of the hosting team (X-ray binaries, ULXs, X-ray source populations in the Milky Way, the Magellanic Clouds and nearby galaxies) would be welcome.<\/p>\n\n\n\n<p class=\"has-black-color has-text-color\">The applicant is expected to have a PhD in Physics or Astronomy, experience in high energy astrophysics and programming skills. The salary is based on the French public service scale and the applicant\u2019s previous experience. Additional funding for conferences, collaboration, personal equipment and publication is available. The position includes full access to the French healthcare system (medical and dental, sick leave, maternity leave) and pension fund.&nbsp;The initial appointment is for one&nbsp;year, starting&nbsp;before April&nbsp;2023,&nbsp;with the possibility of extension for a second year depending on availability of funds.&nbsp;<\/p>\n\n\n\n<p class=\"has-black-color has-text-color\">Candidates should send\u00a0a curriculum vitae, a list of publications, a summary of research interests (2-3 pages max) and contact details of two referees to Ada Nebot (ada.nebot@<a rel=\"noreferrer noopener\" href=\"http:\/\/astro.unistra.fr\" target=\"_blank\">astro.unistra.fr<\/a>) before the 9th\u00a0of January 2023. Late applications will be cosidered. ObAS is an equal-opportunity employer. We encourage applications from women and minorities.<\/p>\n\n\n\n<hr class=\"wp-block-separator has-text-color has-background has-white-background-color has-white-color is-style-dots\"\/>\n\n\n\n<hr class=\"wp-block-separator is-style-wide\"\/>\n\n\n\n<div class=\"wp-block-columns\">\n<div class=\"wp-block-column\">\n<h2>Post-doctorat<\/h2>\n\n\n\n<p>Poste postdoctoral H2020 SPACE XMM2ATHENA<\/p>\n\n\n\n<p>NOA\/IAASARS, ATH\u00c8NES, GR\u00c8CE<\/p>\n\n\n\n<p>Les candidatures sont ouvertes pour un poste post-doctoral \u00e0 l&rsquo;Institut d&rsquo;astronomie, d&rsquo;astrophysique, d&rsquo;applications spatiales et de t\u00e9l\u00e9d\u00e9tection (IAASARS) de l&rsquo;Observatoire national d&rsquo;Ath\u00e8nes (NOA). Le candidat retenu collaborera \u00e9troitement avec le groupe des rayons X de l&rsquo;IAASARS (<a rel=\"noreferrer noopener\" href=\"https:\/\/www.astro.noa.gr\/en\/staff\/research-personnel\/akylas-athanassios\/\" target=\"_blank\">Dr. Akylas<\/a>, <a rel=\"noreferrer noopener\" href=\"https:\/\/www.astro.noa.gr\/en\/staff\/research-personnel\/georgantopoulos-ioannis\/\" target=\"_blank\">Dr. Georgantopoulos<\/a>, <a rel=\"noreferrer noopener\" href=\"http:\/\/members.noa.gr\/age\/\" target=\"_blank\">Dr. Georgakakis<\/a>) pour d\u00e9velopper de nouveaux outils, largement bas\u00e9s sur des algorithmes d&rsquo;intelligence artificielle, qui g\u00e9n\u00e9reront des produits \u00e0 valeur ajout\u00e9e (par exemple, des redshifts photom\u00e9triques, des limites sup\u00e9rieures) pour le catalogue de sources s\u00e9rendipit\u00e9 <a rel=\"noreferrer noopener\" href=\"https:\/\/www.sea-astronomia.es\/These%20methods%20will%20then%20be%20integrated%20into%20the%20Athena%20software%2C%20currently%20at%20the%20beginning%20of%20the%20developmental%20phase%20and%20the%20newly%20detected\/identified%20sources%20will%20enhance%20our%20preparation%20of%20the%20X-ray%20sky%20that%20will%20be%20observed%20with%20Athena.\" target=\"_blank\">4XMM<\/a>. L&rsquo;exploitation scientifique de ces produits fera \u00e9galement partie du contrat.<\/p>\n\n\n\n<p>Le poste est financ\u00e9 par le projet europ\u00e9en H2020 <a href=\"http:\/\/xmm-ssc.irap.omp.eu\/xmm2athena\/fr\/front-page-francais\/\" target=\"_blank\" rel=\"noreferrer noopener\">XMM2ATHENA<\/a>. Il r\u00e9unit 9 centres europ\u00e9ens poss\u00e9dant une grande expertise en astrophysique des hautes \u00e9nergies, dont des membres des segments terrestres XMM-Newton et Athena Science, afin de d\u00e9velopper des m\u00e9thodes et des algorithmes d&rsquo;analyse des rayons X innovants. Ceux-ci seront test\u00e9s sur les donn\u00e9es XMM-Newton existantes et constitueront la base du logiciel d&rsquo;analyse de donn\u00e9es Athena, actuellement au d\u00e9but de la phase de d\u00e9veloppement.<\/p>\n\n\n\n<p>Les qualifications souhait\u00e9es sont un doctorat en astronomie, en astrophysique ou dans un domaine connexe \u00e0 la date de d\u00e9but du poste, ainsi qu&rsquo;une exp\u00e9rience dans (i) l&rsquo;astrophysique des hautes \u00e9nergies, (ii) la programmation d&rsquo;algorithmes complexes avec un int\u00e9r\u00eat particulier pour le machine\/deep learning, (iii) le traitement de grands ensembles de donn\u00e9es \u00e0 plusieurs longueurs d&rsquo;onde et (iv) les \u00e9tudes de population de sources extragalactiques.<\/p>\n\n\n\n<p>Le poste est d&rsquo;une dur\u00e9e de 18 mois et d\u00e9butera au d\u00e9but de l&rsquo;ann\u00e9e 2022. Pour toute demande informelle, veuillez contacter le Dr Thanassis Akylas (<a rel=\"noreferrer noopener\" href=\"mailto:aakylas@noa.gr\" target=\"_blank\">aakylas@noa.gr<\/a>).<\/p>\n\n\n\n<p>Les candidats int\u00e9ress\u00e9s peuvent postuler par e-mail en envoyant un curriculum vitae, un r\u00e9sum\u00e9 des int\u00e9r\u00eats de recherche (limit\u00e9 \u00e0 3 pages) et une liste des publications (tous sous forme de fichiers pdf) au secr\u00e9taire <a rel=\"noreferrer noopener\" href=\"mailto:m.vasilaki@noa.gr\" target=\"_blank\">m.vasilaki@noa.gr<\/a> avant le 15 octobre 2021. Veuillez \u00e9galement faire en sorte que deux lettres de recommandation soient envoy\u00e9es \u00e0 la m\u00eame adresse \u00e9lectronique avant la date limite susmentionn\u00e9e. Le NOA est un employeur qui respecte l&rsquo;\u00e9galit\u00e9 des chances. Nous encourageons les candidatures de femmes et de minorit\u00e9s.<\/p>\n\n\n\n<p>Avantages suppl\u00e9mentaires : Un financement pour les voyages de conf\u00e9rence et de collaboration, l&rsquo;\u00e9quipement personnel et les co\u00fbts de publication est disponible. Le poste inclut l&rsquo;acc\u00e8s complet au syst\u00e8me de sant\u00e9 et au fonds de pension grecs.<\/p>\n<\/div>\n<\/div>\n","protected":false},"excerpt":{"rendered":"<p>Post-doctorat (English version) We invite applications for a postdoctoral position at Strasbourg Astronomical Observatory (ObAS) to participate in the EU-funded project H2020 SPACE &nbsp;XMM2ATHENA. The ObsAS harbours the Centre de Donnees astronomiques de Strasbourg (CDS) and is one of the member institutions of the XMM-Newton Survey Science Centre (SSC). The institute is also actively involved&hellip; <br \/> <a class=\"read-more\" href=\"http:\/\/xmm-ssc.irap.omp.eu\/xmm2athena\/fr\/jobs-2\/\">Lire la suite<\/a><\/p>\n","protected":false},"author":2,"featured_media":0,"parent":0,"menu_order":0,"comment_status":"closed","ping_status":"closed","template":"","meta":{"_eb_attr":"","_mi_skip_tracking":false,"_monsterinsights_sitenote_active":false,"_monsterinsights_sitenote_note":"","_monsterinsights_sitenote_category":0},"_links":{"self":[{"href":"http:\/\/xmm-ssc.irap.omp.eu\/xmm2athena\/wp-json\/wp\/v2\/pages\/1439"}],"collection":[{"href":"http:\/\/xmm-ssc.irap.omp.eu\/xmm2athena\/wp-json\/wp\/v2\/pages"}],"about":[{"href":"http:\/\/xmm-ssc.irap.omp.eu\/xmm2athena\/wp-json\/wp\/v2\/types\/page"}],"author":[{"embeddable":true,"href":"http:\/\/xmm-ssc.irap.omp.eu\/xmm2athena\/wp-json\/wp\/v2\/users\/2"}],"replies":[{"embeddable":true,"href":"http:\/\/xmm-ssc.irap.omp.eu\/xmm2athena\/wp-json\/wp\/v2\/comments?post=1439"}],"version-history":[{"count":3,"href":"http:\/\/xmm-ssc.irap.omp.eu\/xmm2athena\/wp-json\/wp\/v2\/pages\/1439\/revisions"}],"predecessor-version":[{"id":3976,"href":"http:\/\/xmm-ssc.irap.omp.eu\/xmm2athena\/wp-json\/wp\/v2\/pages\/1439\/revisions\/3976"}],"wp:attachment":[{"href":"http:\/\/xmm-ssc.irap.omp.eu\/xmm2athena\/wp-json\/wp\/v2\/media?parent=1439"}],"curies":[{"name":"wp","href":"https:\/\/api.w.org\/{rel}","templated":true}]}}