{"id":1386,"date":"2021-10-25T10:01:14","date_gmt":"2021-10-25T10:01:14","guid":{"rendered":"http:\/\/xmm-ssc.irap.omp.eu\/xmm2athena\/?page_id=1386"},"modified":"2025-05-02T10:13:54","modified_gmt":"2025-05-02T10:13:54","slug":"catalogos","status":"publish","type":"page","link":"http:\/\/xmm-ssc.irap.omp.eu\/xmm2athena\/es\/catalogos\/","title":{"rendered":"Cat\u00e1logos"},"content":{"rendered":"\n<h3>Los cat\u00e1logos y otros productos desarrollados en el marco de este proyecto est\u00e1n disponibles aqu\u00ed<\/h3>\n\n\n\n<hr class=\"wp-block-separator has-text-color has-background has-white-background-color has-white-color\"\/>\n\n\n\n<p class=\"has-text-color\" style=\"color:#d12e7e\"><strong>4XMM-DR14 y 4XMM-DR14s<\/strong><\/p>\n\n\n\n<p class=\"has-black-color has-text-color\">M\u00e1s de un mill\u00f3n de detecciones de rayos X en los cat\u00e1logos de fuentes serend\u00edpicas de XMM-Newton, 4XMM-DR14 y 4XMM-DR14s.<\/p>\n\n\n\n<p class=\"has-black-color has-text-color\">Una nueva versi\u00f3n del XMM-Newton EPIC Serendipitous Source Catalogue, 4XMM-DR14, ha sido publicada por el XMM-Newton Survey Science Centre (XMM-SSC) en colaboraci\u00f3n con el XMM-Newton SOC. Esta versi\u00f3n incluye un a\u00f1o m\u00e1s de datos con respecto a 4XMM-DR13. 4XMM-DR14 tiene ahora m\u00e1s de un mill\u00f3n de detecciones de rayos X (1035832) referidas a 692109 fuentes \u00fanicas de rayos X  entre 13864 observaciones que eran p\u00fablicas antes del 31 de diciembre de 2023. 4XMM-DR14 cubre un \u00e1rea total del cielo, con al menos 1 ks de exposici\u00f3n, de 1383 grados cuadrados si se tienen en cuenta los solapamientos, donde algunas regiones del cielo han sido apuntadas hasta 90 veces. Alrededor del 9% de todas las detecciones se clasifican como extendidas, y se han extra\u00eddo espectros y series temporales para el 36% de las detecciones. La incertidumbre posicional media de las detecciones del cat\u00e1logo es de 1,57 segundos de arco (con una desviaci\u00f3n est\u00e1ndar de 1,43). La mediana de los flujos del cat\u00e1logo es de ~5,2E-15 y ~1,2E-14 erg\/cm2\/s en la banda de rayos X blandos (0,2-2 keV) y duros (2-12 keV), respectivamente.<\/p>\n\n\n\n<p class=\"has-black-color has-text-color\">Con el cat\u00e1logo de detecci\u00f3n 4XMM-DR14, publicamos el cat\u00e1logo apilado 4XMM-DR14s, creado a partir de observaciones solapadas. Algunas fuentes tienen un total de ~3 Ms de observaci\u00f3n. El apilamiento permite obtener mejores par\u00e1metros de las fuentes, mayor sensibilidad y acceso directo a medidas de variabilidad de flujo a largo plazo. 4XMM-DR14s se construye a partir de 1751 grupos extra\u00eddos de 10332 observaciones. La detecci\u00f3n de fuentes apiladas se realiza en todas las exposiciones solapadas con una calidad razonable. Para las exposiciones de menor calidad, los par\u00e1metros se obtienen a partir de la fotometr\u00eda de PSF. 4XMM-DR14s contiene 427524 fuentes, de las cuales 329972 contribuyen con varias observaciones. A partir de las observaciones individuales, se obtienen 1,8 millones de medidas de flujo individuales (y par\u00e1metros relacionados) de todas las fuentes en total durante la detecci\u00f3n y fotometr\u00eda de fuentes apiladas. 4XMM-DR14s alcanza una profundidad media de ~2,5E-15 y ~6,8E-15 erg\/cm2\/s en la banda de rayos X blandos (0,2-2 keV) y duros (2-12 keV), respectivamente. 7798 fuentes son variables a largo plazo.<\/p>\n\n\n\n<p class=\"has-black-color has-text-color\">El cat\u00e1logo de detecci\u00f3n se describe en el art\u00edculo Webb et al. (2020) y el cat\u00e1logo apilado se describe con m\u00e1s detalle en Traulsen et al. (2020).<br>Los detalles del cat\u00e1logo, los archivos del cat\u00e1logo y la documentaci\u00f3n completa de 4XMM est\u00e1n disponibles en las p\u00e1ginas web de XMM-SSC ( <a href=\"http:\/\/xmmssc.irap.omp.eu\">http:\/\/xmmssc.irap.omp.eu<\/a> ) en:<\/p>\n\n\n\n<p class=\"has-black-color has-text-color\"><a rel=\"noreferrer noopener\" href=\"https:\/\/urldefense.com\/v3\/__http:\/\/xmmssc.irap.omp.eu\/Catalogue\/4XMM-DR14\/4XMM_DR14.html__;!!D9dNQwwGXtA!QZvQQWeqxjepWF6EjbetpzC6BlMfZ22Ir27zHcj4Go8B_YZqGo24ks3fuxU1PGlDPPG7Vka_T_N88h6a7PHiwAvs1wzj6kE$\" target=\"_blank\">http:\/\/xmmssc.irap.omp.eu\/Catalogue\/4XMM-DR14\/4XMM_DR14.html<\/a><\/p>\n\n\n\n<p class=\"has-black-color has-text-color\">y<\/p>\n\n\n\n<p class=\"has-black-color has-text-color\"><a href=\"https:\/\/xmmssc.aip.de\/cms\/catalogues\/4xmm-dr14s\/\">https:\/\/xmmssc.aip.de\/cms\/catalogues\/4xmm-dr14s\/<\/a><\/p>\n\n\n\n<p class=\"has-black-color has-text-color\">Tambi\u00e9n se proporcionan archivos FITS con informaci\u00f3n resumida sobre las observaciones utilizadas en el cat\u00e1logo. Las versiones FITS y CSV del cat\u00e1logo 4XMM completo y una versi\u00f3n reducida del archivo FITS tambi\u00e9n est\u00e1n disponibles para su descarga en:<\/p>\n\n\n\n<p class=\"has-black-color has-text-color\"><a rel=\"noreferrer noopener\" href=\"https:\/\/urldefense.com\/v3\/__http:\/\/www.cosmos.esa.int\/web\/xmm-newton\/xsa__;!!D9dNQwwGXtA!QZvQQWeqxjepWF6EjbetpzC6BlMfZ22Ir27zHcj4Go8B_YZqGo24ks3fuxU1PGlDPPG7Vka_T_N88h6a7PHiwAvspw5d_A4$\" target=\"_blank\">http:\/\/www.cosmos.esa.int\/web\/xmm-newton\/xsa<\/a> <\/p>\n\n\n\n<p class=\"has-black-color has-text-color\">La versi\u00f3n reducida de 4XMM-DR14 s\u00f3lo tiene una fila por fuente \u00fanica (en lugar de por detecci\u00f3n como en el cat\u00e1logo principal) y un n\u00famero reducido de columnas que pertenecen esencialmente a las cantidades de fuente \u00fanica.<\/p>\n\n\n\n<p class=\"has-black-color has-text-color\">Adem\u00e1s de la interfaz de usuario XSA, 4XMM tambi\u00e9n se distribuye a trav\u00e9s de:<\/p>\n\n\n\n<p class=\"has-black-color has-text-color\">IRAP: <a href=\"https:\/\/urldefense.com\/v3\/__http:\/\/xmm-catalog.irap.omp.eu\/__;!!D9dNQwwGXtA!QZvQQWeqxjepWF6EjbetpzC6BlMfZ22Ir27zHcj4Go8B_YZqGo24ks3fuxU1PGlDPPG7Vka_T_N88h6a7PHiwAvsnILYv2c$\" target=\"_blank\" rel=\"noreferrer noopener\">http:\/\/xmm-catalog.irap.omp.eu\/<\/a><br>XCATDB: <a href=\"https:\/\/urldefense.com\/v3\/__http:\/\/xcatdb.unistra.fr\/__;!!D9dNQwwGXtA!QZvQQWeqxjepWF6EjbetpzC6BlMfZ22Ir27zHcj4Go8B_YZqGo24ks3fuxU1PGlDPPG7Vka_T_N88h6a7PHiwAvsIZtJPxE$\" target=\"_blank\" rel=\"noreferrer noopener\">http:\/\/xcatdb.unistra.fr\/<\/a><br>HEASARC: <a href=\"https:\/\/urldefense.com\/v3\/__http:\/\/heasarc.gsfc.nasa.gov\/W3Browse\/xmm-newton\/xmmssc.html__;!!D9dNQwwGXtA!QZvQQWeqxjepWF6EjbetpzC6BlMfZ22Ir27zHcj4Go8B_YZqGo24ks3fuxU1PGlDPPG7Vka_T_N88h6a7PHiwAvsQhcdrhA$\" target=\"_blank\" rel=\"noreferrer noopener\">http:\/\/heasarc.gsfc.nasa.gov\/W3Browse\/xmm-newton\/xmmssc.html<\/a><br>and <a href=\"https:\/\/urldefense.com\/v3\/__https:\/\/heasarc.gsfc.nasa.gov\/W3Browse\/xmm-newton\/xmmstack.html__;!!D9dNQwwGXtA!QZvQQWeqxjepWF6EjbetpzC6BlMfZ22Ir27zHcj4Go8B_YZqGo24ks3fuxU1PGlDPPG7Vka_T_N88h6a7PHiwAvsvvPqAcM$\" target=\"_blank\" rel=\"noreferrer noopener\">https:\/\/heasarc.gsfc.nasa.gov\/W3Browse\/xmm-newton\/xmmstack.html<\/a><\/p>\n\n\n\n<hr class=\"wp-block-separator has-text-color has-background has-white-background-color has-white-color\"\/>\n\n\n\n<h4 class=\"has-text-color\" style=\"color:#d12e7e\">4XMM-DR13 y 4XMM-DR13s<\/h4>\n\n\n\n<p class=\"has-black-color has-text-color\">Una nueva versi\u00f3n del XMM-Newton EPIC Serendipitous Source Catalogue, 4XMM-DR13, ha sido publicada en junio del 2023 por el XMM-Newton Survey Science Centre (XMM-SSC) en colaboraci\u00f3n con el SOC. Esta versi\u00f3n incluye un a\u00f1o m\u00e1s de datos con respecto a 4XMM-DR12. 4XMM-DR13 incluye 983948 detecciones de rayos X que se refieren a 656997 fuentes de rayos X \u00fanicas de 13243 observaciones que eran p\u00fablicas a 31 de diciembre de 2022. 4XMM-DR13 cubre un \u00e1rea total del cielo, con al menos 1 ks de exposici\u00f3n, de 1328 grados cuadrados si se tienen en cuenta los solapamientos, donde algunas regiones del cielo han sido apuntadas hasta 90 veces. Alrededor del 9% de todas las detecciones se clasifican como extensas, y se han extra\u00eddo espectros y series temporales para el 36% de las detecciones. La incertidumbre posicional media de las detecciones del cat\u00e1logo es de 1,57 segundos de arco (con una desviaci\u00f3n est\u00e1ndar de 1,43). La mediana de los flujos del cat\u00e1logo es de ~5,2E-15 y ~1,2E-14 erg\/cm2\/s en la banda de rayos X blandos (0,2-2 keV) y duros (2-12 keV), respectivamente.<br>Con el cat\u00e1logo de detecci\u00f3n 4XMM-DR13, publicamos el cat\u00e1logo apilado 4XMM-DR13s, creado a partir de observaciones solapadas. Algunas fuentes tienen un total de 2,8 Ms de observaci\u00f3n. El apilamiento permite obtener mejores par\u00e1metros de las fuentes, mayor sensibilidad y acceso directo a medidas de variabilidad de flujo a largo plazo. 4XMM-DR13s se construye a partir de 1688 grupos extra\u00eddos de 9796 observaciones. Cada grupo incluye entre 2 y 372 observaciones. La detecci\u00f3n de fuentes apiladas se realiza en todas las exposiciones solapadas de calidad razonable. Para las exposiciones de menor calidad, los par\u00e1metros se obtienen a partir de la fotometr\u00eda PSF. 4XMM-DR13s contiene 401596 fuentes, de las cuales 310478 tienen varias observaciones que contribuyen. A partir de las observaciones individuales, se obtienen en total casi 1,7 millones de medidas de flujo (y par\u00e1metros relacionados) de todas las fuentes durante la detecci\u00f3n y fotometr\u00eda de fuentes apiladas. 4XMM-DR13s alcanza una profundidad mediana de ~2,5E-15 y ~6,8E-15 erg\/cm2\/s en la banda de rayos X blandos (0,2-2 keV) y duros (2-12 keV), respectivamente. 7333 fuentes son variables a largo plazo.<br>El cat\u00e1logo de detecci\u00f3n se describe en el art\u00edculo Webb et al. (2020) y el cat\u00e1logo apilado se describe con m\u00e1s detalle en Traulsen et al. (2020).&nbsp;Los detalles del cat\u00e1logo, los archivos del cat\u00e1logo y la documentaci\u00f3n completa de 4XMM est\u00e1n disponibles en las p\u00e1ginas web de XMM-SSC ( <a rel=\"noreferrer noopener\" href=\"http:\/\/xmmssc.irap.omp.eu\" target=\"_blank\">http:\/\/xmmssc.irap.omp.eu<\/a> ) en:<\/p>\n\n\n\n<p><a rel=\"noreferrer noopener\" href=\"https:\/\/urldefense.com\/v3\/__http:\/\/xmmssc.irap.omp.eu\/Catalogue\/4XMM-DR13\/4XMM_DR13.html__;!!D9dNQwwGXtA!RKPs46yGJzM0-dkg8wg50IhEBHep7dcMcX4AZI_7-Q4Gy0GAZCC4nuK4svZxLbKBi4sxYSA_fmxL43BUxTjNW8LH1Z9O38s$\" target=\"_blank\">http:\/\/xmmssc.irap.omp.eu\/Catalogue\/4XMM-DR13\/4XMM_DR13.html<\/a><\/p>\n\n\n\n<p class=\"has-black-color has-text-color\">y en <\/p>\n\n\n\n<p><a rel=\"noreferrer noopener\" href=\"https:\/\/urldefense.com\/v3\/__https:\/\/xmmssc.aip.de\/cms\/catalogues\/4xmm-dr13s\/__;!!D9dNQwwGXtA!RKPs46yGJzM0-dkg8wg50IhEBHep7dcMcX4AZI_7-Q4Gy0GAZCC4nuK4svZxLbKBi4sxYSA_fmxL43BUxTjNW8LH6P-sMHk$\" target=\"_blank\">https:\/\/xmmssc.aip.de\/cms\/catalogues\/4xmm-dr13s\/<\/a><\/p>\n\n\n\n<p class=\"has-black-color has-text-color\">Tambi\u00e9n se proporcionan archivos FITS con informaci\u00f3n resumida sobre las observaciones utilizadas en el cat\u00e1logo. Las versiones FITS y CSV del cat\u00e1logo 4XMM completo y una versi\u00f3n reducida del archivo FITS tambi\u00e9n est\u00e1n disponibles para su descarga en<\/p>\n\n\n\n<p><a href=\"http:\/\/www.cosmos.esa.int\/web\/xmm-newton\/xsa\">http:\/\/www.cosmos.esa.int\/web\/xmm-newton\/xsa<\/a><\/p>\n\n\n\n<p class=\"has-black-color has-text-color\">La versi\u00f3n reducida de 4XMM-DR13 tiene s\u00f3lo una fila por fuente \u00fanica (en lugar de por detecci\u00f3n como en el cat\u00e1logo principal) y un n\u00famero reducido de columnas que pertenecen esencialmente a las cantidades de fuentes \u00fanicas.<\/p>\n\n\n\n<p class=\"has-black-color has-text-color\">Adem\u00e1s de la interfaz de usuario XSA, 4XMM tambi\u00e9n se distribuye a trav\u00e9s de:<\/p>\n\n\n\n<p class=\"has-black-color has-text-color\">IRAP:&nbsp;<a rel=\"noreferrer noopener\" href=\"https:\/\/urldefense.com\/v3\/__http:\/\/xmm-catalog.irap.omp.eu\/__;!!D9dNQwwGXtA!RKPs46yGJzM0-dkg8wg50IhEBHep7dcMcX4AZI_7-Q4Gy0GAZCC4nuK4svZxLbKBi4sxYSA_fmxL43BUxTjNW8LHx5VBLww$\" target=\"_blank\">http:\/\/xmm-catalog.irap.omp.eu\/<\/a><br>XCATDB:&nbsp;<a rel=\"noreferrer noopener\" href=\"https:\/\/urldefense.com\/v3\/__http:\/\/xcatdb.unistra.fr\/4xmmdr13__;!!D9dNQwwGXtA!RKPs46yGJzM0-dkg8wg50IhEBHep7dcMcX4AZI_7-Q4Gy0GAZCC4nuK4svZxLbKBi4sxYSA_fmxL43BUxTjNW8LHln65tvg$\" target=\"_blank\">http:\/\/xcatdb.unistra.fr\/4xmmdr13<\/a><br>HEASARC:&nbsp;<a rel=\"noreferrer noopener\" href=\"https:\/\/urldefense.com\/v3\/__http:\/\/heasarc.gsfc.nasa.gov\/W3Browse\/xmm-newton\/xmmssc.html__;!!D9dNQwwGXtA!RKPs46yGJzM0-dkg8wg50IhEBHep7dcMcX4AZI_7-Q4Gy0GAZCC4nuK4svZxLbKBi4sxYSA_fmxL43BUxTjNW8LHtP8e3YI$\" target=\"_blank\">http:\/\/heasarc.gsfc.nasa.gov\/W3Browse\/xmm-newton\/xmmssc.html<\/a><br>and&nbsp;<a rel=\"noreferrer noopener\" href=\"https:\/\/urldefense.com\/v3\/__https:\/\/heasarc.gsfc.nasa.gov\/W3Browse\/xmm-newton\/xmmstack.html__;!!D9dNQwwGXtA!RKPs46yGJzM0-dkg8wg50IhEBHep7dcMcX4AZI_7-Q4Gy0GAZCC4nuK4svZxLbKBi4sxYSA_fmxL43BUxTjNW8LHBUjkMt0$\" target=\"_blank\">https:\/\/heasarc.gsfc.nasa.gov\/W3Browse\/xmm-newton\/xmmstack.html<\/a><\/p>\n\n\n\n<p><\/p>\n\n\n\n<h4 class=\"has-text-color\" style=\"color:#d12e7e\"><strong>4XMM-DR12<\/strong><\/h4>\n\n\n\n<p class=\"has-black-color has-text-color\">Una nueva versi\u00f3n del Cat\u00e1logo de Fuentes Serend\u00edpicas EPIC de XMM-Newton, 4XMM-DR12, ha sido publicada en julio de 2022. La producci\u00f3n del cat\u00e1logo 4XMM-DR12 es un proyecto de colaboraci\u00f3n en el que participa todo el Consorcio XMM-Newton SSC. El cat\u00e1logo 4XMM-DR12 contiene detecciones de fuentes extra\u00eddas de 12712 observaciones de XMM-Newton EPIC, que cubren un intervalo de energ\u00eda de 0,2 keV a 12 keV. Estas observaciones se realizaron entre el 3 de febrero de 2000 y el 31 de diciembre de 2021 y todos los conjuntos de datos estaban disponibles p\u00fablicamente antes del 31 de diciembre de 2021, pero no todas las observaciones p\u00fablicas est\u00e1n incluidas en este cat\u00e1logo. M\u00e1s informaci\u00f3n <a rel=\"noreferrer noopener\" href=\"http:\/\/xmmssc.irap.omp.eu\/Catalogue\/4XMM-DR12\/4XMM_DR12.html\" target=\"_blank\">aqu\u00ed<\/a>.<\/p>\n\n\n\n<p><\/p>\n\n\n\n<h4 class=\"has-text-color\" style=\"color:#d12e7e\"><strong>4XMM-DR11<\/strong><\/h4>\n\n\n\n<p class=\"has-black-color has-text-color\">El 18 de agosto, el XMM-Newton Survey Science Centre (XMM-SSC), en colaboraci\u00f3n con el SOC, public\u00f3 una nueva versi\u00f3n del cat\u00e1logo de fuentes serendipias de XMM-Newton EPIC, 4XMM-DR11 (ver m\u00e1s <a rel=\"noreferrer noopener\" href=\"http:\/\/xmm-ssc.irap.omp.eu\/xmm2athena\/es\/2021\/10\/26\/nuevas-versiones-de-los-catalogos-de-fuentes-serendipicas-de-xmm-newton-4xmm-dr11-y-4xmm-dr11s\/\" target=\"_blank\">detalles<\/a>). Detalles del cat\u00e1logo, los archivos del cat\u00e1logo y la documentaci\u00f3n completa de 4XMM :<\/p>\n\n\n\n<p><a href=\"http:\/\/xmmssc.irap.omp.eu\/Catalogue\/4XMM-DR11\/4XMM_DR11.html\">http:\/\/xmmssc.irap.omp.eu\/Catalogue\/4XMM-DR11\/4XMM_DR11.html<\/a><\/p>\n\n\n\n<p class=\"has-black-color has-text-color\">Y la versi\u00f3n reducida:<\/p>\n\n\n\n<p><a rel=\"noreferrer noopener\" href=\"http:\/\/xmm-catalog.irap.omp.eu\/\" target=\"_blank\">http:\/\/xmm-catalog.irap.omp.eu\/<\/a><\/p>\n\n\n\n<hr class=\"wp-block-separator has-text-color has-background has-white-background-color has-white-color is-style-dots\"\/>\n\n\n\n<hr class=\"wp-block-separator is-style-wide\"\/>\n\n\n\n<hr class=\"wp-block-separator has-text-color has-background has-white-background-color has-white-color is-style-dots\"\/>\n\n\n\n<h3><a href=\"http:\/\/xmm-ssc.irap.omp.eu\/xmm2athena\/es\/2022\/01\/12\/nueva-interface-para-acceder-a-los-datos-de-xmm-newton\/\" target=\"_blank\" rel=\"noreferrer noopener\">Nueva interface para acceder al cat\u00e1logo apilado de XMM-Newton<\/a><\/h3>\n\n\n\n<hr class=\"wp-block-separator has-text-color has-background has-white-background-color has-white-color is-style-dots\"\/>\n\n\n\n<hr class=\"wp-block-separator is-style-wide\"\/>\n\n\n\n<hr class=\"wp-block-separator has-text-color has-background has-white-background-color has-white-color is-style-dots\"\/>\n\n\n\n<h3>Entregables del paquete de trabajo 6<\/h3>\n\n\n\n<h4>Entregable D6.1<\/h4>\n\n\n\n<p class=\"has-black-color has-text-color\">Productos para el ajuste de los espectros extra\u00eddos: este entregable incluye ajustes con un modelo simple (ley de potencia absorbida) para los espectros del pipeline de las detecciones del cat\u00e1logo 4XMM DR11 y est\u00e1 estructurado en dos archivos:<\/p>\n\n\n\n<ul class=\"has-black-color has-text-color\"><li>un <a href=\"https:\/\/nextcloud.ifca.es\/index.php\/s\/QHmNzxAT4ySKgx2?dir=undefined&amp;path=%2FWP6&amp;openfile=7158663\">informe<\/a> en el que se explica el procedimiento, el control de calidad, las t\u00e9cnicas y los modelos para los ajustes de la fuente y del fondo y se detalla el contenido del cat\u00e1logo espectral<\/li><li>un <a href=\"https:\/\/nextcloud.ifca.es\/index.php\/s\/m2gPp2ngPezqjCr\">cat\u00e1logo espectral<\/a> con par\u00e1metros y ajustes para cada detecci\u00f3n, as\u00ed como indicadores de calidad<\/li><\/ul>\n\n\n\n<h4>Entregable D6.2<\/h4>\n\n\n\n<p class=\"has-black-color has-text-color\">Espectros y productos de ajuste: este entregable incluye ajustes con dos modelos simples (ley de potencia absorbida y cuerpo negro absorbido) para los espectros combinados de las fuentes del cat\u00e1logo apilado de 4XMM DR11s y est\u00e1 estructurado en cuatro archivos:<\/p>\n\n\n\n<ul class=\"has-black-color has-text-color\"><li>un <a href=\"http:\/\/nextcloud.ifca.es\/index.php\/s\/QHmNzxAT4ySKgx2?dir=undefined&amp;path=%2FWP6&amp;openfile=7158665\">informe<\/a> que explica el procedimiento, el control de calidad, las t\u00e9cnicas y los modelos para los ajustes de la fuente apilada y los antecedentes y detalles del contenido de los tres cat\u00e1logos<\/li><li>un <a href=\"https:\/\/nextcloud.ifca.es\/index.php\/s\/e8m68T3PWMmDPdQ\">cat\u00e1logo<\/a> que enumera para cada una de las fuentes del cat\u00e1logo 4XMM DR11s el n\u00famero de detecciones utilizadas para los espectros apilados<\/li><li>un <a rel=\"noreferrer noopener\" href=\"https:\/\/nextcloud.ifca.es\/index.php\/s\/kTeqcZwo6r9zGQN\" target=\"_blank\">cat\u00e1logo<\/a> que enumera, para cada uno de los espectros apilados, qu\u00e9 detecciones se utilizaron para ello<\/li><li>un <a rel=\"noreferrer noopener\" href=\"https:\/\/nextcloud.ifca.es\/index.php\/s\/EeqrNnntmySTdJp\" target=\"_blank\">cat\u00e1logo espectral<\/a> con par\u00e1metros de detecci\u00f3n y ajuste para cada fuente apilada, as\u00ed como indicadores de calidad<\/li><\/ul>\n\n\n\n<h4>Entregable D6.3<\/h4>\n\n\n\n[26\/07\/2024]\n\n\n\n<p class=\"has-black-color has-text-color\">Ajuste de productos para todas las fuentes: este entregable incluye ajustes de un modelo simple (ley de potencia de absorci\u00f3n)a la pipeline de las tasas de recuento desde el emldetect hasta todas las detecciones en el cat\u00e1logo 4XMM DR11 y est\u00e1 estructurado en dos archivos:<\/p>\n\n\n\n<ul class=\"has-black-color has-text-color\"><li>un <a href=\"https:\/\/zenodo.org\/records\/7848520\">informe<\/a> en el que se explica el procedimiento, el control de calidad, las t\u00e9cnicas y el modelo de ajuste de las tasas de recuento y se detalle el contenido del cat\u00e1logo<\/li><li>un <a href=\"https:\/\/zenodo.org\/records\/15267215\">cat\u00e1logo<\/a> con par\u00e1metros de detecci\u00f3n y ajuste para cada detecci\u00f3n, as\u00ed como indicadores de calidad (nueva versi\u00f3n)<\/li><\/ul>\n\n\n\n<h3>Entregable D6.4<\/h3>\n\n\n\n[02\/05\/2025]\n\n\n\n<p class=\"has-black-color has-text-color\">Este entregable est\u00e1 estructurado en dos archivos:<\/p>\n\n\n\n<ul class=\"has-black-color has-text-color\"><li>un <a href=\"https:\/\/nextcloud.ifca.es\/index.php\/s\/QHmNzxAT4ySKgx2?path=%2FWP6&amp;openfile=7158666\" target=\"_blank\" rel=\"noreferrer noopener\">informe <\/a>en donde se explica el procedimiento<\/li><li>un <a href=\"https:\/\/nextcloud.ifca.es\/index.php\/s\/F9ndcbBHbSYk7yg\" target=\"_blank\" rel=\"noreferrer noopener\">cat\u00e1logo<\/a> con los par\u00e1metros de detecci\u00f3n y ajuste para cada detecci\u00f3n<\/li><\/ul>\n\n\n\n<hr class=\"wp-block-separator has-text-color has-background has-white-background-color has-white-color\"\/>\n\n\n\n<hr class=\"wp-block-separator is-style-wide\"\/>\n\n\n\n<h3>Entregables del paquete de trabajo 7<\/h3>\n\n\n\n<hr class=\"wp-block-separator has-text-color has-background has-white-background-color has-white-color\"\/>\n\n\n\n<h4>Entregable D7.1<\/h4>\n\n\n\n<p class=\"has-black-color has-text-color\">Algoritmos, c\u00f3digo y documentaci\u00f3n que describen la autoclasificaci\u00f3n de fuentes SUSS.<\/p>\n\n\n\n<ul class=\"has-black-color has-text-color\"><li><a rel=\"noreferrer noopener\" href=\"https:\/\/nextcloud.ifca.es\/index.php\/s\/JjyYQSpdrgQpM38\" target=\"_blank\">informe<\/a> que describe el trabajo realizado para preparar el SUSS para el proceso de clasificaci\u00f3n, y las clasificaciones resultantes<\/li><li><a rel=\"noreferrer noopener\" href=\"https:\/\/nextcloud.ifca.es\/index.php\/s\/PwWq9Gxq9TdTrJ7\" target=\"_blank\">archivo tar <\/a>que contiene guiones, instrucciones detalladas y programas inform\u00e1ticos utilizados en los trabajos preparatorios para la clasificaci\u00f3n<\/li><\/ul>\n\n\n\n<hr class=\"wp-block-separator has-text-color has-background has-white-background-color has-white-color\"\/>\n\n\n\n<h4>Entregable D7.2<\/h4>\n\n\n\n<hr class=\"wp-block-separator has-text-color has-background has-white-background-color has-white-color\"\/>\n\n\n\n<p class=\"has-black-color has-text-color\">Clasificaci\u00f3n de las fuentes SUSS en estrellas, galaxias y QSOs.<\/p>\n\n\n\n<ul class=\"has-black-color has-text-color\"><li><a href=\"https:\/\/nextcloud.ifca.es\/index.php\/s\/MoexL7mmSQ3fnNH\" target=\"_blank\" rel=\"noreferrer noopener\">cat\u00e1logo<\/a> de las fuentes SUSS y sus clasificaciones<\/li><li><a href=\"https:\/\/nextcloud.ifca.es\/index.php\/s\/ErRe3q75cCrYMY2\" target=\"_blank\" rel=\"noreferrer noopener\">archivo<\/a> de texto que explica el contenido del cat\u00e1logo<\/li><\/ul>\n\n\n\n<hr class=\"wp-block-separator has-text-color has-background has-white-background-color has-white-color\"\/>\n\n\n\n<h4>Entregable D7.3<\/h4>\n\n\n\n<hr class=\"wp-block-separator has-text-color has-background has-white-background-color has-white-color\"\/>\n\n\n\n<p class=\"has-black-color has-text-color\">Clasificaci\u00f3n de fuentes variables SUSS 4.1 con su variabilidad.<\/p>\n\n\n\n<ul class=\"has-black-color has-text-color\"><li><a href=\"https:\/\/nextcloud.ifca.es\/index.php\/s\/bFnqdsNxLiJaDdC\">cat\u00e1logo<\/a> de las fuentes SUSS 4.1<\/li><li><a href=\"https:\/\/nextcloud.ifca.es\/index.php\/s\/8tedEneFJiRfGWS\">archivo<\/a> de texto que explica el contenido del cat\u00e1logo<\/li><\/ul>\n\n\n\n<hr class=\"wp-block-separator is-style-wide\"\/>\n\n\n\n<h3>Entregables del paquete de trabajo 8<\/h3>\n\n\n\n<hr class=\"wp-block-separator has-text-color has-background has-white-background-color has-white-color\"\/>\n\n\n\n<h4>Entregables D8.2 y D8.3<\/h4>\n\n\n\n<p class=\"has-black-color has-text-color\">Se ha generado un cat\u00e1logo que contiene cada una de las 630.347 fuentes de 4XMM-DR12 y se ha aumentado con datos de otros cat\u00e1logos de longitudes de onda m\u00faltiples, tambi\u00e9n se ha proporcionado una clasificaci\u00f3n de cada fuente.<\/p>\n\n\n\n<p class=\"has-black-color has-text-color\">Documentaci\u00f3n: <\/p>\n\n\n\n<ul class=\"has-black-color has-text-color\"><li><a rel=\"noreferrer noopener\" href=\"http:\/\/xmm-ssc.irap.omp.eu\/xmm2athena\/wp-content\/uploads\/2023\/04\/DeliverableD8.2.pdf\" target=\"_blank\">informe<\/a> que describe el trabajo realizado<\/li><li>Cat\u00e1logo de identificaci\u00f3n en formato <a href=\"https:\/\/drive.google.com\/file\/d\/19OeoMnRVdZVnyHvQE7t0Q97bkzt6OgGE\/view\" target=\"_blank\" rel=\"noreferrer noopener\">FITS<\/a><\/li><li>Cat\u00e1logo de identificaci\u00f3n en formato <a href=\"https:\/\/drive.google.com\/file\/d\/1u6HmEsi5QDTwGuO7kx3SFaFTBu2ewigi\/view\" target=\"_blank\" rel=\"noreferrer noopener\">CSV<\/a><\/li><\/ul>\n","protected":false},"excerpt":{"rendered":"<p>Los cat\u00e1logos y otros productos desarrollados en el marco de este proyecto est\u00e1n disponibles aqu\u00ed 4XMM-DR14 y 4XMM-DR14s M\u00e1s de un mill\u00f3n de detecciones de rayos X en los cat\u00e1logos de fuentes serend\u00edpicas de XMM-Newton, 4XMM-DR14 y 4XMM-DR14s. Una nueva versi\u00f3n del XMM-Newton EPIC Serendipitous Source Catalogue, 4XMM-DR14, ha sido publicada por el XMM-Newton Survey&hellip; <br \/> <a class=\"read-more\" href=\"http:\/\/xmm-ssc.irap.omp.eu\/xmm2athena\/es\/catalogos\/\">Lire la suite<\/a><\/p>\n","protected":false},"author":2,"featured_media":0,"parent":0,"menu_order":0,"comment_status":"closed","ping_status":"closed","template":"","meta":{"_eb_attr":"","_mi_skip_tracking":false,"_monsterinsights_sitenote_active":false,"_monsterinsights_sitenote_note":"","_monsterinsights_sitenote_category":0},"_links":{"self":[{"href":"http:\/\/xmm-ssc.irap.omp.eu\/xmm2athena\/wp-json\/wp\/v2\/pages\/1386"}],"collection":[{"href":"http:\/\/xmm-ssc.irap.omp.eu\/xmm2athena\/wp-json\/wp\/v2\/pages"}],"about":[{"href":"http:\/\/xmm-ssc.irap.omp.eu\/xmm2athena\/wp-json\/wp\/v2\/types\/page"}],"author":[{"embeddable":true,"href":"http:\/\/xmm-ssc.irap.omp.eu\/xmm2athena\/wp-json\/wp\/v2\/users\/2"}],"replies":[{"embeddable":true,"href":"http:\/\/xmm-ssc.irap.omp.eu\/xmm2athena\/wp-json\/wp\/v2\/comments?post=1386"}],"version-history":[{"count":27,"href":"http:\/\/xmm-ssc.irap.omp.eu\/xmm2athena\/wp-json\/wp\/v2\/pages\/1386\/revisions"}],"predecessor-version":[{"id":5971,"href":"http:\/\/xmm-ssc.irap.omp.eu\/xmm2athena\/wp-json\/wp\/v2\/pages\/1386\/revisions\/5971"}],"wp:attachment":[{"href":"http:\/\/xmm-ssc.irap.omp.eu\/xmm2athena\/wp-json\/wp\/v2\/media?parent=1386"}],"curies":[{"name":"wp","href":"https:\/\/api.w.org\/{rel}","templated":true}]}}