{"id":1028,"date":"2021-07-30T13:18:04","date_gmt":"2021-07-30T13:18:04","guid":{"rendered":"http:\/\/xmm-ssc.irap.omp.eu\/xmm2athena\/?page_id=1028"},"modified":"2025-05-02T10:27:55","modified_gmt":"2025-05-02T10:27:55","slug":"catalogues-2","status":"publish","type":"page","link":"http:\/\/xmm-ssc.irap.omp.eu\/xmm2athena\/fr\/catalogues-2\/","title":{"rendered":"Catalogues"},"content":{"rendered":"\n<h3><strong>Le catalogue et les autres produits d\u00e9velopp\u00e9s dans le cadre de ce projet sont disponibles ici.<\/strong><\/h3>\n\n\n\n<h4 class=\"has-text-color\" style=\"color:#d12e7e\">4XMM-DR14 et 4XMM-DR14s<\/h4>\n\n\n\n<p class=\"has-black-color has-text-color\">Plus d&rsquo;un million de d\u00e9tections de rayons X dans les catalogues de sources s\u00e9rendipites XMM-Newton, 4XMM-DR14 et 4XMM-DR14s.<\/p>\n\n\n\n<p class=\"has-black-color has-text-color\">Une nouvelle version du catalogue des sources de s\u00e9rendipit\u00e9 EPIC de XMM-Newton, 4XMM-DR14, a \u00e9t\u00e9 publi\u00e9e par le XMM-Newton Survey Science Centre (XMM-SSC) en collaboration avec le XMM-Newton SOC. Cette version comprend une ann\u00e9e suppl\u00e9mentaire de donn\u00e9es par rapport \u00e0 4XMM-DR13. 4XMM-DR14 compte maintenant plus d&rsquo;un million de d\u00e9tections de rayons X (1 035 832) qui se rapportent \u00e0 692 109 sources uniques de rayons X provenant de 13 864 observations qui ont \u00e9t\u00e9 rendues publiques avant le 31 d\u00e9cembre 2023. 4XMM-DR14 couvre une zone totale du ciel, avec une exposition d&rsquo;au moins 1 ks, de 1 383 degr\u00e9s carr\u00e9s si les chevauchements sont pris en compte, o\u00f9 certaines r\u00e9gions du ciel ont \u00e9t\u00e9 point\u00e9es jusqu&rsquo;\u00e0 90 fois. Environ 9% de toutes les d\u00e9tections sont class\u00e9es comme \u00e9tendues, et les spectres et s\u00e9ries temporelles ont \u00e9t\u00e9 extraits pour 36% des d\u00e9tections. L&rsquo;incertitude positionnelle m\u00e9diane des d\u00e9tections du catalogue est de 1,57 seconde d&rsquo;arc (avec un \u00e9cart-type de 1,43). Les flux m\u00e9dians dans le catalogue sont de ~5.2E-15 et ~1.2E-14 erg\/cm2\/s dans la bande des rayons X mous (0.2-2 keV) et durs (2-12 keV), respectivement.<\/p>\n\n\n\n<p class=\"has-black-color has-text-color\">Avec le catalogue de d\u00e9tection 4XMM-DR14, nous publions le catalogue empil\u00e9 4XMM-DR14s, cr\u00e9\u00e9 \u00e0 partir d&rsquo;observations qui se chevauchent. Certaines sources ont un total de ~3 Ms d&rsquo;observation. L&#8217;empilement permet d&rsquo;obtenir de meilleurs param\u00e8tres pour les sources, une plus grande sensibilit\u00e9 et un acc\u00e8s direct aux mesures de la variabilit\u00e9 du flux \u00e0 long terme. 4XMM-DR14s est construit \u00e0 partir de 1 751 groupes issus de 10 332 observations. La d\u00e9tection des sources empil\u00e9es est effectu\u00e9e sur toutes les expositions qui se chevauchent et qui sont de qualit\u00e9 raisonnable. Pour les expositions de moindre qualit\u00e9, les param\u00e8tres sont fournis \u00e0 partir de la photom\u00e9trie PSF. 4XMM-DR14s contient 427 524 sources, dont 329 972 ont plusieurs observations contributives. A partir des observations individuelles, 1,8 million de mesures de flux individuelles (et les param\u00e8tres associ\u00e9s) de toutes les sources sont d\u00e9riv\u00e9es au total pendant la d\u00e9tection et la photom\u00e9trie des sources empil\u00e9es. 4XMM-DR14s atteint une profondeur m\u00e9diane de ~2.5E-15 et ~6.8E-15 erg\/cm2\/s dans la bande des rayons X mous (0.2-2 keV) et durs (2-12 keV), respectivement. 7798 sources sont variables sur le long terme.<\/p>\n\n\n\n<p>Le catalogue de d\u00e9tection est d\u00e9crit dans l&rsquo;article Webb et al. (2020) et le catalogue empil\u00e9 est d\u00e9crit plus en d\u00e9tail dans Traulsen et al. (2020).<br>Les d\u00e9tails du catalogue, les fichiers du catalogue et la documentation compl\u00e8te de 4XMM sont disponibles sur les pages web de XMM-SSC ( http:\/\/xmmssc.irap.omp.eu ) \u00e0 l&rsquo;adresse suivante :<\/p>\n\n\n\n<p class=\"has-black-color has-text-color\"><a rel=\"noreferrer noopener\" href=\"https:\/\/urldefense.com\/v3\/__http:\/\/xmmssc.irap.omp.eu\/Catalogue\/4XMM-DR14\/4XMM_DR14.html__;!!D9dNQwwGXtA!QZvQQWeqxjepWF6EjbetpzC6BlMfZ22Ir27zHcj4Go8B_YZqGo24ks3fuxU1PGlDPPG7Vka_T_N88h6a7PHiwAvs1wzj6kE$\" target=\"_blank\">mmssc.irap.omp.eu\/Catalogue\/4XMM-DR14\/4XMM_DR14.html<\/a>&nbsp;<br>et<br><a rel=\"noreferrer noopener\" href=\"https:\/\/urldefense.com\/v3\/__https:\/\/xmmssc.aip.de\/cms\/catalogues\/4xmm-dr14s\/__;!!D9dNQwwGXtA!QZvQQWeqxjepWF6EjbetpzC6BlMfZ22Ir27zHcj4Go8B_YZqGo24ks3fuxU1PGlDPPG7Vka_T_N88h6a7PHiwAvs5c0-pXg$\" target=\"_blank\">https:\/\/xmmssc.aip.de\/cms\/catalogues\/4xmm-dr14s\/<\/a>&nbsp;<\/p>\n\n\n\n<p class=\"has-black-color has-text-color\">Des fichiers FITS contenant des informations sommaires sur les observations utilis\u00e9es dans le catalogue sont \u00e9galement fournis. Des versions FITS et CSV du catalogue 4XMM complet et une version all\u00e9g\u00e9e du fichier FITS sont \u00e9galement disponibles pour le t\u00e9l\u00e9chargement \u00e0 :<\/p>\n\n\n\n<p class=\"has-black-color has-text-color\"><a rel=\"noreferrer noopener\" href=\"https:\/\/urldefense.com\/v3\/__http:\/\/www.cosmos.esa.int\/web\/xmm-newton\/xsa__;!!D9dNQwwGXtA!QZvQQWeqxjepWF6EjbetpzC6BlMfZ22Ir27zHcj4Go8B_YZqGo24ks3fuxU1PGlDPPG7Vka_T_N88h6a7PHiwAvspw5d_A4$\" target=\"_blank\">http:\/\/www.cosmos.esa.int\/web\/xmm-newton\/xsa<\/a>&nbsp;<\/p>\n\n\n\n<p class=\"has-black-color has-text-color\">La version all\u00e9g\u00e9e de 4XMM-DR14 ne comporte qu&rsquo;une ligne par source unique (et non par d\u00e9tection comme dans le catalogue principal) et un nombre r\u00e9duit de colonnes qui se rapportent essentiellement aux quantit\u00e9s de la source unique.<\/p>\n\n\n\n<p class=\"has-black-color has-text-color\">Outre l&rsquo;interface utilisateur XSA, 4XMM est \u00e9galement distribu\u00e9 par l&rsquo;interm\u00e9diaire de :<\/p>\n\n\n\n<p class=\"has-black-color has-text-color\">P: <a rel=\"noreferrer noopener\" href=\"https:\/\/urldefense.com\/v3\/__http:\/\/xmm-catalog.irap.omp.eu\/__;!!D9dNQwwGXtA!QZvQQWeqxjepWF6EjbetpzC6BlMfZ22Ir27zHcj4Go8B_YZqGo24ks3fuxU1PGlDPPG7Vka_T_N88h6a7PHiwAvsnILYv2c$\" target=\"_blank\">http:\/\/xmm-catalog.irap.omp.eu\/<\/a>&nbsp;<br>XCATDB: <a rel=\"noreferrer noopener\" href=\"https:\/\/urldefense.com\/v3\/__http:\/\/xcatdb.unistra.fr\/__;!!D9dNQwwGXtA!QZvQQWeqxjepWF6EjbetpzC6BlMfZ22Ir27zHcj4Go8B_YZqGo24ks3fuxU1PGlDPPG7Vka_T_N88h6a7PHiwAvsIZtJPxE$\" target=\"_blank\">http:\/\/xcatdb.unistra.fr\/<\/a>&nbsp;<br>HEASARC: <a rel=\"noreferrer noopener\" href=\"https:\/\/urldefense.com\/v3\/__http:\/\/heasarc.gsfc.nasa.gov\/W3Browse\/xmm-newton\/xmmssc.html__;!!D9dNQwwGXtA!QZvQQWeqxjepWF6EjbetpzC6BlMfZ22Ir27zHcj4Go8B_YZqGo24ks3fuxU1PGlDPPG7Vka_T_N88h6a7PHiwAvsQhcdrhA$\" target=\"_blank\">http:\/\/heasarc.gsfc.nasa.gov\/W3Browse\/xmm-newton\/xmmssc.html<\/a>&nbsp;<br>and <a rel=\"noreferrer noopener\" href=\"https:\/\/urldefense.com\/v3\/__https:\/\/heasarc.gsfc.nasa.gov\/W3Browse\/xmm-newton\/xmmstack.html__;!!D9dNQwwGXtA!QZvQQWeqxjepWF6EjbetpzC6BlMfZ22Ir27zHcj4Go8B_YZqGo24ks3fuxU1PGlDPPG7Vka_T_N88h6a7PHiwAvsvvPqAcM$\" target=\"_blank\">https:\/\/heasarc.gsfc.nasa.gov\/W3Browse\/xmm-newton\/xmmstack.html<\/a>&nbsp;<\/p>\n\n\n\n<h4 class=\"has-text-color\" style=\"color:#d12e7e\">4XMM-DR13 et 4XMM-DR13s<\/h4>\n\n\n\n<p class=\"has-black-color has-text-color\">Une nouvelle version du XMM-Newton EPIC Serendipitous Source Catalogue, 4XMM-DR13, a \u00e9t\u00e9 publi\u00e9e le 12 juin 2023 par le XMM-Newton Survey Science Centre (XMM-SSC) en collaboration avec le SOC. Cette version comprend une ann\u00e9e suppl\u00e9mentaire de donn\u00e9es par rapport \u00e0 4XMM-DR12. 4XMM-DR13 comprend 983 948 d\u00e9tections de rayons X qui se rapportent \u00e0 656 997 sources uniques de rayons X provenant de 13 243 observations qui \u00e9taient publiques au 31 d\u00e9cembre 2022. 4XMM-DR13 couvre une zone totale du ciel, avec une exposition d&rsquo;au moins 1 ks, de 1 328 degr\u00e9s carr\u00e9s si les chevauchements sont pris en compte, o\u00f9 certaines r\u00e9gions du ciel ont \u00e9t\u00e9 point\u00e9es jusqu&rsquo;\u00e0 90 fois. Environ 9% de toutes les d\u00e9tections sont class\u00e9es comme \u00e9tendues, et les spectres et s\u00e9ries temporelles ont \u00e9t\u00e9 extraits pour 36% des d\u00e9tections. L&rsquo;incertitude positionnelle m\u00e9diane des d\u00e9tections du catalogue est de 1,57 seconde d&rsquo;arc (avec un \u00e9cart-type de 1,43). Les flux m\u00e9dians dans le catalogue sont de ~5.2E-15 et ~1.2E-14 erg\/cm2\/s dans la bande des rayons X doux (0.2-2 keV) et durs (2-12 keV), respectivement.<br>Avec le catalogue de d\u00e9tection 4XMM-DR13, nous publions le catalogue empil\u00e9 4XMM-DR13s, cr\u00e9\u00e9 \u00e0 partir d&rsquo;observations qui se chevauchent. Certaines sources ont un total de 2.8 Ms d&rsquo;observation. L&#8217;empilement permet d&rsquo;obtenir de meilleurs param\u00e8tres pour les sources, une plus grande sensibilit\u00e9 et un acc\u00e8s direct aux mesures de la variabilit\u00e9 du flux \u00e0 long terme. 4XMM-DR13s est construit \u00e0 partir de 1 688 groupes tir\u00e9s de 9 796 observations. Chaque groupe comprend entre 2 et 372 observations. La d\u00e9tection des sources empil\u00e9es est effectu\u00e9e sur toutes les expositions qui se chevauchent et qui sont de qualit\u00e9 raisonnable. Pour les expositions de moindre qualit\u00e9, les param\u00e8tres sont fournis \u00e0 partir de la photom\u00e9trie PSF. 4XMM-DR13s contient 401 596 sources, dont 310 478 ont plusieurs observations contributives. A partir des observations individuelles, pr\u00e8s de 1,7 million de mesures de flux (et les param\u00e8tres associ\u00e9s) de toutes les sources sont d\u00e9riv\u00e9es au total lors de la d\u00e9tection et de la photom\u00e9trie des sources empil\u00e9es. 4XMM-DR13s atteint une profondeur m\u00e9diane de ~2.5E-15 et ~6.8E-15 erg\/cm2\/s dans la bande des rayons X mous (0.2-2 keV) et durs (2-12 keV), respectivement. 7333 sources sont variables sur le long terme.<br>Le catalogue de d\u00e9tection est d\u00e9crit dans l&rsquo;article Webb et al. (2020) et le catalogue empil\u00e9 est d\u00e9crit dans Traulsen et al. (2020). Les d\u00e9tails du catalogue, les fichiers du catalogue et la documentation compl\u00e8te de 4XMM sont disponibles sur les pages web de XMM-SSC ( http:\/\/xmmssc.irap.omp.eu ) \u00e0 l&rsquo;adresse suivante :<\/p>\n\n\n\n<p class=\"has-black-color has-text-color\"><a rel=\"noreferrer noopener\" href=\"https:\/\/urldefense.com\/v3\/__http:\/\/xmmssc.irap.omp.eu\/Catalogue\/4XMM-DR13\/4XMM_DR13.html__;!!D9dNQwwGXtA!RKPs46yGJzM0-dkg8wg50IhEBHep7dcMcX4AZI_7-Q4Gy0GAZCC4nuK4svZxLbKBi4sxYSA_fmxL43BUxTjNW8LH1Z9O38s$\" target=\"_blank\">http:\/\/xmmssc.irap.omp.eu\/Catalogue\/4XMM-DR13\/4XMM_DR13.html<\/a><br>et<br><a rel=\"noreferrer noopener\" href=\"https:\/\/urldefense.com\/v3\/__https:\/\/xmmssc.aip.de\/cms\/catalogues\/4xmm-dr13s\/__;!!D9dNQwwGXtA!RKPs46yGJzM0-dkg8wg50IhEBHep7dcMcX4AZI_7-Q4Gy0GAZCC4nuK4svZxLbKBi4sxYSA_fmxL43BUxTjNW8LH6P-sMHk$\" target=\"_blank\">https:\/\/xmmssc.aip.de\/cms\/catalogues\/4xmm-dr13s\/<\/a><\/p>\n\n\n\n<p class=\"has-black-color has-text-color\">Des fichiers FITS contenant des informations sommaires sur les observations utilis\u00e9es dans le catalogue sont \u00e9galement fournis. Des versions FITS et CSV du catalogue 4XMM complet et une version all\u00e9g\u00e9e du fichier FITS sont \u00e9galement disponibles pour t\u00e9l\u00e9chargement \u00e0 l&rsquo;adresse suivante :<\/p>\n\n\n\n<p><a rel=\"noreferrer noopener\" href=\"https:\/\/urldefense.com\/v3\/__http:\/\/www.cosmos.esa.int\/web\/xmm-newton\/xsa__;!!D9dNQwwGXtA!RKPs46yGJzM0-dkg8wg50IhEBHep7dcMcX4AZI_7-Q4Gy0GAZCC4nuK4svZxLbKBi4sxYSA_fmxL43BUxTjNW8LHV1eiRsY$\" target=\"_blank\">http:\/\/www.cosmos.esa.int\/web\/xmm-newton\/xsa<\/a><\/p>\n\n\n\n<p class=\"has-black-color has-text-color\">La version all\u00e9g\u00e9e de 4XMM-DR13 ne comporte qu&rsquo;une ligne par source unique (et non par d\u00e9tection comme dans le catalogue principal) et un nombre r\u00e9duit de colonnes qui se rapportent essentiellement aux quantit\u00e9s de la source unique.<\/p>\n\n\n\n<p class=\"has-black-color has-text-color\">Outre l&rsquo;interface utilisateur XSA, 4XMM est \u00e9galement distribu\u00e9 par l&rsquo;interm\u00e9diaire de :<\/p>\n\n\n\n<p class=\"has-black-color has-text-color\">IRAP:&nbsp;<a rel=\"noreferrer noopener\" href=\"https:\/\/urldefense.com\/v3\/__http:\/\/xmm-catalog.irap.omp.eu\/__;!!D9dNQwwGXtA!RKPs46yGJzM0-dkg8wg50IhEBHep7dcMcX4AZI_7-Q4Gy0GAZCC4nuK4svZxLbKBi4sxYSA_fmxL43BUxTjNW8LHx5VBLww$\" target=\"_blank\">http:\/\/xmm-catalog.irap.omp.eu\/<\/a><br>XCATDB:&nbsp;<a rel=\"noreferrer noopener\" href=\"https:\/\/urldefense.com\/v3\/__http:\/\/xcatdb.unistra.fr\/4xmmdr13__;!!D9dNQwwGXtA!RKPs46yGJzM0-dkg8wg50IhEBHep7dcMcX4AZI_7-Q4Gy0GAZCC4nuK4svZxLbKBi4sxYSA_fmxL43BUxTjNW8LHln65tvg$\" target=\"_blank\">http:\/\/xcatdb.unistra.fr\/4xmmdr13<\/a><br>HEASARC:&nbsp;<a rel=\"noreferrer noopener\" href=\"https:\/\/urldefense.com\/v3\/__http:\/\/heasarc.gsfc.nasa.gov\/W3Browse\/xmm-newton\/xmmssc.html__;!!D9dNQwwGXtA!RKPs46yGJzM0-dkg8wg50IhEBHep7dcMcX4AZI_7-Q4Gy0GAZCC4nuK4svZxLbKBi4sxYSA_fmxL43BUxTjNW8LHtP8e3YI$\" target=\"_blank\">http:\/\/heasarc.gsfc.nasa.gov\/W3Browse\/xmm-newton\/xmmssc.html<\/a><br>and&nbsp;<a rel=\"noreferrer noopener\" href=\"https:\/\/urldefense.com\/v3\/__https:\/\/heasarc.gsfc.nasa.gov\/W3Browse\/xmm-newton\/xmmstack.html__;!!D9dNQwwGXtA!RKPs46yGJzM0-dkg8wg50IhEBHep7dcMcX4AZI_7-Q4Gy0GAZCC4nuK4svZxLbKBi4sxYSA_fmxL43BUxTjNW8LHBUjkMt0$\" target=\"_blank\">https:\/\/heasarc.gsfc.nasa.gov\/W3Browse\/xmm-newton\/xmmstack.html<\/a><\/p>\n\n\n\n<h4 class=\"has-text-color\" style=\"color:#d12e7e\">4XMM-DR12<\/h4>\n\n\n\n<p class=\"has-black-color has-text-color\">Une nouvelle version du XMM-Newton EPIC Serendipitous Source Catalogue, 4XMM-DR12, a \u00e9t\u00e9 publi\u00e9e le 20 juillet 2022. La production du catalogue 4XMM-DR12 est un projet de collaboration impliquant l&rsquo;ensemble du Consortium SSC XMM-Newton. Le catalogue 4XMM-DR12 contient des d\u00e9tections de sources tir\u00e9es de 12712 observations EPIC XMM-Newton, couvrant un intervalle d&rsquo;\u00e9nergie de 0,2 keV \u00e0 12 keV. Ces observations ont \u00e9t\u00e9 faites entre le 3 f\u00e9vrier 2000 et le 31 d\u00e9cembre 2021 et tous les ensembles de donn\u00e9es \u00e9taient disponibles publiquement au 31 d\u00e9cembre 2021, mais toutes les observations publiques ne sont pas incluses dans ce catalogue. Voir plus d&rsquo;informations <a rel=\"noreferrer noopener\" href=\"http:\/\/xmmssc.irap.omp.eu\/Catalogue\/4XMM-DR12\/4XMM_DR12.html\" target=\"_blank\">ici<\/a>.<\/p>\n\n\n\n<h4 class=\"has-text-color\" style=\"color:#d12e7e\">4XMM-DR11<\/h4>\n\n\n\n<p class=\"has-black-color has-text-color\">Une nouvelle version du XMM-Newton EPIC Serendipitous Source Catalogue, 4XMM-DR11, a \u00e9t\u00e9 publi\u00e9e le 18 ao\u00fbt par le XMM-Newton Survey Science Centre (XMM-SSC) en collaboration avec le SOC (voir plus de <a rel=\"noreferrer noopener\" href=\"http:\/\/xmm-ssc.irap.omp.eu\/xmm2athena\/fr\/2021\/08\/31\/nouvelles-versions-des-catalogues-de-sources-xmm-newton-serendipitous-4xmm-dr11-et-4xmm-dr11s\/\" target=\"_blank\">d\u00e9tails<\/a>). D\u00e9tails du catalogue, des fichiers du catalogue et de la documentation compl\u00e8te de 4XMM : <br><a href=\"http:\/\/xmmssc.irap.omp.eu\/Catalogue\/4XMM-DR11\/4XMM_DR11.html\">http:\/\/xmmssc.irap.omp.eu\/Catalogue\/4XMM-DR11\/4XMM_DR11.html<\/a><br>Et la version all\u00e9g\u00e9e :<br><a rel=\"noreferrer noopener\" href=\"http:\/\/xmm-catalog.irap.omp.eu\/\" target=\"_blank\">http:\/\/xmm-catalog.irap.omp.eu\/<\/a><\/p>\n\n\n\n<hr class=\"wp-block-separator has-text-color has-background has-white-background-color has-white-color is-style-dots\"\/>\n\n\n\n<hr class=\"wp-block-separator is-style-wide\"\/>\n\n\n\n<hr class=\"wp-block-separator has-text-color has-background has-white-background-color has-white-color is-style-dots\"\/>\n\n\n\n<h3><a rel=\"noreferrer noopener\" href=\"http:\/\/xmm-ssc.irap.omp.eu\/xmm2athena\/2022\/01\/12\/2188\/\" target=\"_blank\">Nouvelle interface d\u2019acc\u00e8s aux donn\u00e9es XMM-Newton<\/a><\/h3>\n\n\n\n<hr class=\"wp-block-separator is-style-dots\"\/>\n\n\n\n<hr class=\"wp-block-separator is-style-wide\"\/>\n\n\n\n<h3>D\u00e9livrables du Work package 6<\/h3>\n\n\n\n<h4>D\u00e9liverable D6.1:<\/h4>\n\n\n\n<p class=\"has-black-color has-text-color\">Produits d&rsquo;ajustement pour les spectres extraits : ce livrable comprend des ajustements avec un mod\u00e8le simple (loi de puissance absorb\u00e9e) aux spectres du pipeline des d\u00e9tections du catalogue 4XMM DR11 et est structur\u00e9 en deux fichiers : <\/p>\n\n\n\n<ul class=\"has-black-color has-text-color\"><li>un <a href=\"https:\/\/nextcloud.ifca.es\/index.php\/s\/QHmNzxAT4ySKgx2?dir=undefined&amp;path=%2FWP6&amp;openfile=7158663\">rapport <\/a>expliquant la proc\u00e9dure, le contr\u00f4le qualit\u00e9, les techniques et les mod\u00e8les pour les ajustements \u00e0 la source et au fond et d\u00e9taillant le contenu du catalogue spectral.<\/li><li>un <a href=\"https:\/\/nextcloud.ifca.es\/index.php\/s\/m2gPp2ngPezqjCr\">catalogue spectral<\/a> avec les param\u00e8tres de d\u00e9tection et d&rsquo;ajustement pour chaque d\u00e9tection, ainsi que les indicateurs de qualit\u00e9.<\/li><\/ul>\n\n\n\n<h4>D\u00e9liverable D6.2<\/h4>\n\n\n\n<p class=\"has-black-color has-text-color\">Spectres et produits d&rsquo;ajustement : ce livrable comprend des ajustements avec deux mod\u00e8les simples (loi de puissance absorb\u00e9e et corps noir absorb\u00e9) pour les spectres fusionn\u00e9s des sources dans le catalogue empil\u00e9 4XMM DR11s et est structur\u00e9 en quatre fichiers :<\/p>\n\n\n\n<ul class=\"has-black-color has-text-color\"><li>un <a href=\"http:\/\/nextcloud.ifca.es\/index.php\/s\/QHmNzxAT4ySKgx2?dir=undefined&amp;path=%2FWP6&amp;openfile=7158665\">rapport <\/a>expliquant la proc\u00e9dure, le contr\u00f4le de qualit\u00e9, les techniques et les mod\u00e8les pour les ajustements aux sources empil\u00e9es et le contexte, ainsi que des d\u00e9tails sur le contenu des trois catalogues<\/li><li>un <a href=\"https:\/\/nextcloud.ifca.es\/index.php\/s\/e8m68T3PWMmDPdQ\">catalogue <\/a>qui liste pour chacune des sources du catalogue 4XMM DR11s le nombre de d\u00e9tections utilis\u00e9es pour les spectres empil\u00e9s<\/li><li>un <a rel=\"noreferrer noopener\" href=\"https:\/\/nextcloud.ifca.es\/index.php\/s\/kTeqcZwo6r9zGQN\" target=\"_blank\">catalogue <\/a>qui indique, pour chacun des spectres empil\u00e9s, quelles d\u00e9tections ont \u00e9t\u00e9 utilis\u00e9es pour celui-ci<\/li><li>un <a rel=\"noreferrer noopener\" href=\"https:\/\/nextcloud.ifca.es\/index.php\/s\/EeqrNnntmySTdJp\" target=\"_blank\">catalogue spectral<\/a> avec les param\u00e8tres de d\u00e9tection et d&rsquo;ajustement pour chaque source empil\u00e9e, ainsi que les indicateurs de qualit\u00e9.<\/li><\/ul>\n\n\n\n<h4>D\u00e9liverable D6.3:<\/h4>\n\n\n\n[26\/07\/2024]\n\n\n\n<p class=\"has-black-color has-text-color\">Ajustement des produits pour toutes les sources : ce livrable comprend des ajustements avec un mod\u00e8le simple (loi de puissance absorb\u00e9e) aux taux de comptage du pipeline de emldetect \u00e0 toutes les d\u00e9tections dans le catalogue 4XMM DR11 et il est structur\u00e9 en deux fichiers : <\/p>\n\n\n\n<ul class=\"has-black-color has-text-color\"><li>un <a href=\"https:\/\/zenodo.org\/records\/7848520\">rapport <\/a>expliquant la proc\u00e9dure, le contr\u00f4le de qualit\u00e9, les techniques et le mod\u00e8le pour les ajustements aux taux de comptage et les d\u00e9tails du contenu du catalogue.<\/li><li>un <a href=\"https:\/\/zenodo.org\/records\/15267215\">catalogue <\/a>avec les param\u00e8tres de d\u00e9tection et d&rsquo;ajustement pour chaque d\u00e9tection, ainsi que les indicateurs de qualit\u00e9 (nouvelle version). <\/li><\/ul>\n\n\n\n<h4>D\u00e9liverable D6.4:<\/h4>\n\n\n\n[02\/05\/2025]\n\n\n\n<p class=\"has-black-color has-text-color\">Ce document est structur\u00e9 en deux fichiers :<\/p>\n\n\n\n<ul class=\"has-black-color has-text-color\"><li>un <a href=\"https:\/\/nextcloud.ifca.es\/index.php\/s\/QHmNzxAT4ySKgx2?path=%2FWP6&amp;openfile=7158666\">rapport <\/a>expliquant la proc\u00e9dure<\/li><li>un <a href=\"https:\/\/nextcloud.ifca.es\/index.php\/s\/F9ndcbBHbSYk7yg\">catalogue <\/a>avec les param\u00e8tres de d\u00e9tection et d&rsquo;ajustement pour chaque d\u00e9tection<\/li><\/ul>\n\n\n\n<hr class=\"wp-block-separator is-style-wide\"\/>\n\n\n\n<h3>D\u00e9livrables du Work Package 7<\/h3>\n\n\n\n<hr class=\"wp-block-separator has-text-color has-background has-white-background-color has-white-color\"\/>\n\n\n\n<h4>D\u00e9liverable D7.1<\/h4>\n\n\n\n<p class=\"has-black-color has-text-color\">Algorithmes, code et documentation d\u00e9crivant la classification automatique des sources SUSS.<\/p>\n\n\n\n<ul class=\"has-black-color has-text-color\"><li><a rel=\"noreferrer noopener\" href=\"https:\/\/nextcloud.ifca.es\/index.php\/s\/JjyYQSpdrgQpM38\" target=\"_blank\">rapport<\/a> d\u00e9crivant le travail effectu\u00e9 pour pr\u00e9parer les SUSS au processus de classification, et les classifications qui en r\u00e9sultent.<\/li><li><a rel=\"noreferrer noopener\" href=\"https:\/\/nextcloud.ifca.es\/index.php\/s\/PwWq9Gxq9TdTrJ7\" target=\"_blank\">fichier tar<\/a> contenant des scripts, des instructions d\u00e9taill\u00e9es et des logiciels utilis\u00e9s dans les travaux pr\u00e9paratoires \u00e0 la classification.<\/li><\/ul>\n\n\n\n<hr class=\"wp-block-separator has-text-color has-background has-white-background-color has-white-color\"\/>\n\n\n\n<h4>D\u00e9liverable D7.2<\/h4>\n\n\n\n<hr class=\"wp-block-separator has-text-color has-background has-white-background-color has-white-color\"\/>\n\n\n\n<p class=\"has-black-color has-text-color\">Classification des sources SUSS en \u00e9toiles, galaxies et QSO.<\/p>\n\n\n\n<ul class=\"has-black-color has-text-color\"><li><a href=\"https:\/\/atrium.in2p3.fr\/nuxeo\/nxfile\/default\/b548aee9-e7a3-488e-9e4d-d6545bfd0a9a\/blobholder:0\/WP7_delivery_D7_3_V2.tar.gz\">catalogue<\/a> des sources SUSS et de leurs classifications<\/li><li><a href=\"https:\/\/atrium.in2p3.fr\/nuxeo\/nxfile\/default\/22434c08-eceb-4ac5-81be-14a0c96e5696\/blobholder:0\/report_SUSS_Variability_WG7_XMM2Athena_V2.pdf\">fichier texte<\/a> expliquant le contenu du catalogue<\/li><\/ul>\n\n\n\n<hr class=\"wp-block-separator has-text-color has-background has-white-background-color has-white-color\"\/>\n\n\n\n<h4>D\u00e9liverable D7.3<\/h4>\n\n\n\n<p class=\"has-black-color has-text-color\">ClassificaListe des sources variables SUSS 4.1 avec les classifications de variabilit\u00e9.<\/p>\n\n\n\n<ul class=\"has-black-color has-text-color\"><li><a href=\"https:\/\/nextcloud.ifca.es\/index.php\/s\/bFnqdsNxLiJaDdC\">catalogue<\/a> des sources SUSS 4.1 et de leurs classifications<\/li><li><a href=\"https:\/\/nextcloud.ifca.es\/index.php\/s\/8tedEneFJiRfGWS\">fichier texte<\/a> expliquant le contenu du catalogue<\/li><\/ul>\n\n\n\n<hr class=\"wp-block-separator has-text-color has-background has-white-background-color has-white-color\"\/>\n\n\n\n<hr class=\"wp-block-separator is-style-wide\"\/>\n\n\n\n<h3>D\u00e9livrables du Work Package 8<\/h3>\n\n\n\n<h4>D\u00e9livrable D8.2 et D8.3<\/h4>\n\n\n\n<p class=\"has-black-color has-text-color\">Un catalogue contenant chacune des 630347 sources de 4XMM-DR12 a \u00e9t\u00e9 g\u00e9n\u00e9r\u00e9 et compl\u00e9t\u00e9 par des donn\u00e9es provenant d&rsquo;autres catalogues multi-longueurs d&rsquo;onde, et une classification de chaque source a \u00e9t\u00e9 fournie.<\/p>\n\n\n\n<p class=\"has-black-color has-text-color\">Documentation :<\/p>\n\n\n\n<ul class=\"has-black-color has-text-color\"><li><a rel=\"noreferrer noopener\" href=\"http:\/\/xmm-ssc.irap.omp.eu\/xmm2athena\/wp-content\/uploads\/2023\/04\/DeliverableD8.2.pdf\" target=\"_blank\">Rapport<\/a> d\u00e9crivant le travail effectu\u00e9<\/li><li>Catalogue des identifications au format <a rel=\"noreferrer noopener\" href=\"https:\/\/drive.google.com\/file\/d\/19OeoMnRVdZVnyHvQE7t0Q97bkzt6OgGE\/view?usp=share_link\" target=\"_blank\">FITS<\/a><\/li><li>Catalogue des identifications au format <a rel=\"noreferrer noopener\" href=\"https:\/\/drive.google.com\/file\/d\/1u6HmEsi5QDTwGuO7kx3SFaFTBu2ewigi\/view?usp=share_link\" target=\"_blank\">CSV<\/a><\/li><\/ul>\n","protected":false},"excerpt":{"rendered":"<p>Le catalogue et les autres produits d\u00e9velopp\u00e9s dans le cadre de ce projet sont disponibles ici. 4XMM-DR14 et 4XMM-DR14s Plus d&rsquo;un million de d\u00e9tections de rayons X dans les catalogues de sources s\u00e9rendipites XMM-Newton, 4XMM-DR14 et 4XMM-DR14s. Une nouvelle version du catalogue des sources de s\u00e9rendipit\u00e9 EPIC de XMM-Newton, 4XMM-DR14, a \u00e9t\u00e9 publi\u00e9e par le&hellip; <br \/> <a class=\"read-more\" href=\"http:\/\/xmm-ssc.irap.omp.eu\/xmm2athena\/fr\/catalogues-2\/\">Lire la suite<\/a><\/p>\n","protected":false},"author":2,"featured_media":0,"parent":0,"menu_order":0,"comment_status":"closed","ping_status":"closed","template":"","meta":{"_eb_attr":"","_mi_skip_tracking":false,"_monsterinsights_sitenote_active":false,"_monsterinsights_sitenote_note":"","_monsterinsights_sitenote_category":0},"_links":{"self":[{"href":"http:\/\/xmm-ssc.irap.omp.eu\/xmm2athena\/wp-json\/wp\/v2\/pages\/1028"}],"collection":[{"href":"http:\/\/xmm-ssc.irap.omp.eu\/xmm2athena\/wp-json\/wp\/v2\/pages"}],"about":[{"href":"http:\/\/xmm-ssc.irap.omp.eu\/xmm2athena\/wp-json\/wp\/v2\/types\/page"}],"author":[{"embeddable":true,"href":"http:\/\/xmm-ssc.irap.omp.eu\/xmm2athena\/wp-json\/wp\/v2\/users\/2"}],"replies":[{"embeddable":true,"href":"http:\/\/xmm-ssc.irap.omp.eu\/xmm2athena\/wp-json\/wp\/v2\/comments?post=1028"}],"version-history":[{"count":22,"href":"http:\/\/xmm-ssc.irap.omp.eu\/xmm2athena\/wp-json\/wp\/v2\/pages\/1028\/revisions"}],"predecessor-version":[{"id":5974,"href":"http:\/\/xmm-ssc.irap.omp.eu\/xmm2athena\/wp-json\/wp\/v2\/pages\/1028\/revisions\/5974"}],"wp:attachment":[{"href":"http:\/\/xmm-ssc.irap.omp.eu\/xmm2athena\/wp-json\/wp\/v2\/media?parent=1028"}],"curies":[{"name":"wp","href":"https:\/\/api.w.org\/{rel}","templated":true}]}}